CRAN Package Check Results for Package statsearchanalyticsr

Last updated on 2025-11-15 09:49:03 CET.

Flavor Version Tinstall Tcheck Ttotal Status Flags
r-devel-linux-x86_64-debian-clang 0.1.4 5.42 46.52 51.94 OK
r-devel-linux-x86_64-debian-gcc 0.1.4 3.92 33.54 37.46 OK
r-devel-linux-x86_64-fedora-clang 0.1.4 22.00 56.03 78.03 NOTE
r-devel-linux-x86_64-fedora-gcc 0.1.4 11.00 59.95 70.95 NOTE
r-devel-windows-x86_64 0.1.4 9.00 57.00 66.00 OK
r-patched-linux-x86_64 0.1.4 5.57 41.28 46.85 OK
r-release-linux-x86_64 0.1.4 5.42 41.24 46.66 OK
r-release-macos-arm64 0.1.4 2.00 23.00 25.00 OK
r-release-macos-x86_64 0.1.4 6.00 41.00 47.00 OK
r-release-windows-x86_64 0.1.4 8.00 58.00 66.00 OK
r-oldrel-macos-arm64 0.1.4 3.00 24.00 27.00 OK
r-oldrel-macos-x86_64 0.1.4 4.00 32.00 36.00 OK
r-oldrel-windows-x86_64 0.1.4 9.00 68.00 77.00 OK

Check Details

Version: 0.1.4
Check: dependencies in R code
Result: NOTE Namespace in Imports field not imported from: ‘tibble’ All declared Imports should be used. Flavors: r-devel-linux-x86_64-fedora-clang, r-devel-linux-x86_64-fedora-gcc