Last updated on 2025-05-13 09:53:41 CEST.
Flavor | Version | Tinstall | Tcheck | Ttotal | Status | Flags |
---|---|---|---|---|---|---|
r-devel-linux-x86_64-debian-clang | 1.7.12 | 178.70 | 347.47 | 526.17 | NOTE | |
r-devel-linux-x86_64-debian-gcc | 1.7.12 | 106.45 | 222.97 | 329.42 | NOTE | |
r-devel-linux-x86_64-fedora-clang | 1.7.12 | 960.44 | OK | |||
r-devel-linux-x86_64-fedora-gcc | 1.7.12 | 887.19 | OK | |||
r-devel-windows-x86_64 | 1.7.12 | 169.00 | 350.00 | 519.00 | OK | |
r-patched-linux-x86_64 | 1.7.12 | 156.51 | 329.95 | 486.46 | OK | |
r-release-linux-x86_64 | 1.7.12 | 154.45 | 332.04 | 486.49 | OK | |
r-release-macos-arm64 | 1.7.12 | 196.00 | OK | |||
r-release-macos-x86_64 | 1.7.12 | 406.00 | OK | |||
r-release-windows-x86_64 | 1.7.12 | 169.00 | 353.00 | 522.00 | OK | |
r-oldrel-macos-arm64 | 1.7.12 | 202.00 | NOTE | |||
r-oldrel-macos-x86_64 | 1.7.12 | 370.00 | NOTE | |||
r-oldrel-windows-x86_64 | 1.7.12 | 204.00 | 452.00 | 656.00 | OK |
Version: 1.7.12
Check: CRAN incoming feasibility
Result: NOTE
Maintainer: ‘Ilya Y. Zhbannikov <ilya.zhbannikov@duke.edu>’
No Authors@R field in DESCRIPTION.
Please add one, modifying
Authors@R: c(person(given = "I.",
family = "Zhbannikov",
role = "aut"),
person(given = "Liang",
family = "He",
role = "aut"),
person(given = "K.",
family = "Arbeev",
role = "aut"),
person(given = "I.",
family = "Akushevich",
role = "aut"),
person(given = "A.",
family = "Yashin.",
role = "aut"),
person(given = c("Ilya", "Y."),
family = "Zhbannikov",
role = "cre",
email = "ilya.zhbannikov@duke.edu"))
as necessary.
Flavors: r-devel-linux-x86_64-debian-clang, r-devel-linux-x86_64-debian-gcc
Version: 1.7.12
Check: installed package size
Result: NOTE
installed size is 9.0Mb
sub-directories of 1Mb or more:
libs 6.7Mb
Flavors: r-oldrel-macos-arm64, r-oldrel-macos-x86_64