Last updated on 2024-07-06 09:49:15 CEST.
Flavor | Version | Tinstall | Tcheck | Ttotal | Status | Flags |
---|---|---|---|---|---|---|
r-devel-linux-x86_64-debian-clang | 1.3.2 | 49.26 | 468.87 | 518.13 | OK | |
r-devel-linux-x86_64-debian-gcc | 1.3.2 | 43.56 | 326.42 | 369.98 | OK | |
r-devel-linux-x86_64-fedora-clang | 1.3.2 | 622.30 | NOTE | |||
r-devel-linux-x86_64-fedora-gcc | 1.3.2 | 596.62 | OK | |||
r-devel-windows-x86_64 | 1.3.2 | 40.00 | 272.00 | 312.00 | OK | |
r-patched-linux-x86_64 | 1.3.2 | 33.45 | 425.35 | 458.80 | OK | |
r-release-linux-x86_64 | 1.3.2 | 35.62 | 437.04 | 472.66 | OK | |
r-release-macos-arm64 | 1.3.2 | 155.00 | OK | |||
r-release-macos-x86_64 | 1.3.2 | 326.00 | OK | |||
r-release-windows-x86_64 | 1.3.2 | 41.00 | 278.00 | 319.00 | OK | |
r-oldrel-macos-arm64 | 1.3.2 | 156.00 | OK | |||
r-oldrel-macos-x86_64 | 1.3.2 | 346.00 | OK | |||
r-oldrel-windows-x86_64 | 1.3.2 | 55.00 | 372.00 | 427.00 | OK |
Version: 1.3.2
Check: package dependencies
Result: NOTE
Imports includes 25 non-default packages.
Importing from so many packages makes the package vulnerable to any of
them becoming unavailable. Move as many as possible to Suggests and
use conditionally.
Flavor: r-devel-linux-x86_64-fedora-clang