CRAN Package Check Results for Package strucchangeRcpp

Last updated on 2025-10-02 09:49:47 CEST.

Flavor Version Tinstall Tcheck Ttotal Status Flags
r-devel-linux-x86_64-debian-clang 1.5-4-1.0.1 66.54 72.67 139.21 OK
r-devel-linux-x86_64-debian-gcc 1.5-4-1.0.1 46.19 51.02 97.21 OK
r-devel-linux-x86_64-fedora-clang 1.5-4-1.0.1 258.07 OK
r-devel-linux-x86_64-fedora-gcc 1.5-4-1.0.1 270.28 OK
r-devel-windows-x86_64 1.5-4-1.0.1 70.00 124.00 194.00 OK
r-patched-linux-x86_64 1.5-4-1.0.1 72.02 68.30 140.32 OK
r-release-linux-x86_64 1.5-4-1.0.0 70.37 68.33 138.70 WARN
r-release-macos-arm64 1.5-4-1.0.1 73.00 OK
r-release-macos-x86_64 1.5-4-1.0.1 246.00 OK
r-release-windows-x86_64 1.5-4-1.0.1 84.00 129.00 213.00 OK
r-oldrel-macos-arm64 1.5-4-1.0.0 66.00 NOTE
r-oldrel-macos-x86_64 1.5-4-1.0.1 223.00 NOTE
r-oldrel-windows-x86_64 1.5-4-1.0.1 98.00 147.00 245.00 OK

Check Details

Version: 1.5-4-1.0.0
Check: whether package can be installed
Result: WARN Found the following significant warnings: recresid.cpp:83:38: warning: ‘bool arma::is_finite(const Base<typename T1::elem_type, T1>&) [with T1 = Mat<double>; typename T1::elem_type = double]’ is deprecated: change arma::is_finite(X) to X.is_finite() [-Wdeprecated-declarations] recresid.cpp:83:68: warning: ‘bool arma::is_finite(const Base<typename T1::elem_type, T1>&) [with T1 = Mat<double>; typename T1::elem_type = double]’ is deprecated: change arma::is_finite(X) to X.is_finite() [-Wdeprecated-declarations] recresid.cpp:93:38: warning: ‘bool arma::is_finite(const Base<typename T1::elem_type, T1>&) [with T1 = Mat<double>; typename T1::elem_type = double]’ is deprecated: change arma::is_finite(X) to X.is_finite() [-Wdeprecated-declarations] recresid.cpp:93:66: warning: ‘bool arma::is_finite(const Base<typename T1::elem_type, T1>&) [with T1 = Mat<double>; typename T1::elem_type = double]’ is deprecated: change arma::is_finite(X) to X.is_finite() [-Wdeprecated-declarations] See ‘/home/hornik/tmp/R.check/r-release-gcc/Work/PKGS/strucchangeRcpp.Rcheck/00install.out’ for details. * used C compiler: ‘gcc-14 (Debian 14.3.0-8) 14.3.0’ * used C++ compiler: ‘g++-14 (Debian 14.3.0-8) 14.3.0’ Flavor: r-release-linux-x86_64

Version: 1.5-4-1.0.0
Check: installed package size
Result: NOTE installed size is 5.3Mb sub-directories of 1Mb or more: libs 4.2Mb Flavor: r-oldrel-macos-arm64

Version: 1.5-4-1.0.1
Check: installed package size
Result: NOTE installed size is 5.5Mb sub-directories of 1Mb or more: libs 4.4Mb Flavor: r-oldrel-macos-x86_64