Last updated on 2024-09-06 09:49:33 CEST.
Flavor | Version | Tinstall | Tcheck | Ttotal | Status | Flags |
---|---|---|---|---|---|---|
r-devel-linux-x86_64-debian-clang | 1.23.1 | 43.55 | 449.84 | 493.39 | NOTE | |
r-devel-linux-x86_64-debian-gcc | 1.23.1 | 28.99 | 305.87 | 334.86 | NOTE | |
r-devel-linux-x86_64-fedora-clang | 1.23.1 | 823.18 | NOTE | |||
r-devel-linux-x86_64-fedora-gcc | 1.23.1 | 776.18 | OK | |||
r-devel-windows-x86_64 | 1.23.1 | 52.00 | 383.00 | 435.00 | NOTE | --no-vignettes |
r-patched-linux-x86_64 | 1.23.1 | 50.33 | 436.02 | 486.35 | NOTE | |
r-release-linux-x86_64 | 1.23.1 | 43.25 | 427.65 | 470.90 | NOTE | |
r-release-macos-arm64 | 1.23.1 | 232.00 | NOTE | |||
r-release-macos-x86_64 | 1.23.1 | 615.00 | WARN | |||
r-release-windows-x86_64 | 1.23.1 | 47.00 | 307.00 | 354.00 | NOTE | --no-vignettes |
r-oldrel-macos-arm64 | 1.23.1 | 248.00 | NOTE | |||
r-oldrel-macos-x86_64 | 1.23.1 | 539.00 | NOTE | |||
r-oldrel-windows-x86_64 | 1.23.1 | 49.00 | 320.00 | 369.00 | NOTE | --no-vignettes |
Version: 1.23.1
Check: package dependencies
Result: NOTE
Package suggested but not available for checking: ‘INLA’
Flavors: r-devel-linux-x86_64-debian-clang, r-devel-linux-x86_64-debian-gcc, r-patched-linux-x86_64, r-release-linux-x86_64, r-release-macos-arm64, r-release-macos-x86_64, r-oldrel-macos-arm64, r-oldrel-macos-x86_64
Version: 1.23.1
Check: installed package size
Result: NOTE
installed size is 6.7Mb
sub-directories of 1Mb or more:
R 1.7Mb
doc 2.3Mb
help 1.0Mb
Flavors: r-devel-linux-x86_64-fedora-clang, r-release-macos-arm64, r-release-macos-x86_64, r-oldrel-macos-arm64, r-oldrel-macos-x86_64
Version: 1.23.1
Flags: --no-vignettes
Check: installed package size
Result: NOTE
installed size is 7.4Mb
sub-directories of 1Mb or more:
R 1.7Mb
doc 2.3Mb
help 1.0Mb
Flavors: r-devel-windows-x86_64, r-release-windows-x86_64, r-oldrel-windows-x86_64
Version: 1.23.1
Check: re-building of vignette outputs
Result: WARN
Error(s) in re-building vignettes:
--- re-building ‘glrnb.Rnw’ using Sweave
Loading required package: sp
Loading required package: xtable
This is surveillance 1.23.1; see ‘package?surveillance’ or
https://surveillance.R-Forge.R-project.org/ for an overview.
glrnb: Fitting Poisson model because alpha == 0
glrnb: Fitting Poisson model because alpha == 0
glrnb: Fitting glm.nb model with alpha=0.22596692307607
glrnb: Fitting glm.nb model with alpha=0.22596692307607
glrnb: Fitting glm.nb model with alpha=0.22596692307607
glrnb: Fitting glm.nb model with alpha=0.22596692307607
glrnb: Fitting glm.nb model with alpha=0.22596692307607
glrnb: Fitting glm.nb model with alpha=0.22596692307607
glrnb: Fitting Poisson model because alpha == 0
glrnb: Fitting Poisson model because alpha == 0
glrnb: Fitting Poisson model because alpha == 0
glrnb: Fitting Poisson model because alpha == 0
glrnb: Fitting Poisson model because alpha == 0
glrnb: Fitting Poisson model because alpha == 0
glrnb: Fitting Poisson model because alpha == 0
glrnb: Fitting Poisson model because alpha == 0
glrnb: Fitting Poisson model because alpha == 0
glrnb: Fitting Poisson model because alpha == 0
glrnb: Fitting Poisson model because alpha == 0
glrnb: Fitting Poisson model because alpha == 0
glrnb: Fitting Poisson model because alpha == 0
glrnb: Fitting Poisson model because alpha == 0
glrnb: Fitting Poisson model because alpha == 0
glrnb: Fitting Poisson model because alpha == 0
glrnb: Fitting Poisson model because alpha == 0
glrnb: Fitting Poisson model because alpha == 0
--- finished re-building ‘glrnb.Rnw’
--- re-building ‘hhh4.Rnw’ using Sweave
Loading required package: sp
Loading required package: xtable
This is surveillance 1.23.1; see ‘package?surveillance’ or
https://surveillance.R-Forge.R-project.org/ for an overview.
Doing computations: FALSE
--- finished re-building ‘hhh4.Rnw’
--- re-building ‘surveillance.Rnw’ using Sweave
Loading required package: sp
Loading required package: xtable
This is surveillance 1.23.1; see ‘package?surveillance’ or
https://surveillance.R-Forge.R-project.org/ for an overview.
Doing computations: FALSE
--- finished re-building ‘surveillance.Rnw’
--- re-building ‘hhh4_spacetime.Rnw’ using knitr
Warning in close.connection(con) :
Problem closing connection: No space left on device
Warning in close.connection(con) :
Problem closing connection: No space left on device
Warning in close.connection(con) :
Problem closing connection: No space left on device
Warning in close.connection(con) :
Problem closing connection: No space left on device
Warning in close.connection(con) :
Problem closing connection: No space left on device
Warning in close.connection(con) :
Problem closing connection: No space left on device
Warning in close.connection(con) :
Problem closing connection: No space left on device
Warning in close.connection(con) :
Problem closing connection: No space left on device
Warning in close.connection(con) :
Problem closing connection: No space left on device
Warning in close.connection(con) :
Problem closing connection: No space left on device
Warning in close.connection(con) :
Problem closing connection: No space left on device
Error: processing vignette 'hhh4_spacetime.Rnw' failed with diagnostics:
Running 'texi2dvi' on 'hhh4_spacetime.tex' failed.
LaTeX errors:
!pdfTeX error: pdflatex (file /Volumes/Builds/packages/big-sur-x86_64/results/4
.4/surveillance.Rcheck/vign_test/surveillance/vignettes/plots/hhh4_spacetime-me
aslesWeserEms-2.pdf): reading image file failed
==> Fatal error occurred, no output PDF file produced!
--- failed re-building ‘hhh4_spacetime.Rnw’
--- re-building ‘monitoringCounts.Rnw’ using knitr
--- finished re-building ‘monitoringCounts.Rnw’
--- re-building ‘twinSIR.Rnw’ using knitr
--- finished re-building ‘twinSIR.Rnw’
--- re-building ‘twinstim.Rnw’ using knitr
--- finished re-building ‘twinstim.Rnw’
SUMMARY: processing the following file failed:
‘hhh4_spacetime.Rnw’
Error: Vignette re-building failed.
Execution halted
Flavor: r-release-macos-x86_64
Version: 1.23.1
Flags: --no-vignettes
Check: package dependencies
Result: NOTE
Package suggested but not available for checking: 'INLA'
Flavor: r-oldrel-windows-x86_64