Last updated on 2024-07-08 09:49:10 CEST.
Flavor | Version | Tinstall | Tcheck | Ttotal | Status | Flags |
---|---|---|---|---|---|---|
r-devel-linux-x86_64-debian-clang | 3.7-0 | 72.41 | 708.68 | 781.09 | OK | |
r-devel-linux-x86_64-debian-gcc | 3.7-0 | 62.37 | 516.18 | 578.55 | OK | |
r-devel-linux-x86_64-fedora-clang | 3.7-0 | 973.98 | NOTE | |||
r-devel-linux-x86_64-fedora-gcc | 3.7-0 | 952.82 | OK | |||
r-devel-windows-x86_64 | 3.7-0 | 82.00 | 739.00 | 821.00 | NOTE | |
r-patched-linux-x86_64 | 3.7-0 | 74.52 | 677.89 | 752.41 | OK | |
r-release-linux-x86_64 | 3.7-0 | 67.24 | 658.28 | 725.52 | OK | |
r-release-macos-arm64 | 3.7-0 | 326.00 | NOTE | |||
r-release-macos-x86_64 | 3.7-0 | 755.00 | NOTE | |||
r-release-windows-x86_64 | 3.7-0 | 83.00 | 700.00 | 783.00 | NOTE | |
r-oldrel-macos-arm64 | 3.7-0 | 369.00 | NOTE | |||
r-oldrel-macos-x86_64 | 3.7-0 | 972.00 | NOTE | |||
r-oldrel-windows-x86_64 | 3.7-0 | 103.00 | 755.00 | 858.00 | NOTE |
Version: 3.7-0
Check: installed package size
Result: NOTE
installed size is 8.3Mb
sub-directories of 1Mb or more:
R 1.2Mb
data 1.9Mb
doc 4.1Mb
Flavors: r-devel-linux-x86_64-fedora-clang, r-devel-windows-x86_64, r-release-macos-arm64, r-release-macos-x86_64, r-release-windows-x86_64, r-oldrel-macos-arm64, r-oldrel-macos-x86_64, r-oldrel-windows-x86_64