Last updated on 2024-08-05 09:48:20 CEST.
Flavor | Version | Tinstall | Tcheck | Ttotal | Status | Flags |
---|---|---|---|---|---|---|
r-devel-linux-x86_64-debian-clang | 0.0.7.1 | 202.72 | 271.20 | 473.92 | NOTE | |
r-devel-linux-x86_64-debian-gcc | 0.0.7.1 | 149.06 | 156.63 | 305.69 | NOTE | |
r-devel-linux-x86_64-fedora-clang | 0.0.7.1 | 617.65 | NOTE | |||
r-devel-linux-x86_64-fedora-gcc | 0.0.7.1 | 749.80 | NOTE | |||
r-devel-windows-x86_64 | 0.0.7.1 | 168.00 | 236.00 | 404.00 | NOTE | |
r-patched-linux-x86_64 | 0.0.7.1 | 184.29 | 211.22 | 395.51 | NOTE | |
r-release-linux-x86_64 | 0.0.7.1 | 164.71 | 274.52 | 439.23 | NOTE | |
r-release-macos-arm64 | 0.0.7.1 | 153.00 | NOTE | |||
r-release-macos-x86_64 | 0.0.7.1 | 229.00 | NOTE | |||
r-release-windows-x86_64 | 0.0.7.1 | 167.00 | 241.00 | 408.00 | NOTE | |
r-oldrel-macos-arm64 | 0.0.7.1 | 173.00 | NOTE | |||
r-oldrel-macos-x86_64 | 0.0.7.1 | 364.00 | NOTE | |||
r-oldrel-windows-x86_64 | 0.0.7.1 | 230.00 | 294.00 | 524.00 | NOTE |
Version: 0.0.7.1
Check: for GNU extensions in Makefiles
Result: NOTE
GNU make is a SystemRequirements.
Flavors: r-devel-linux-x86_64-debian-clang, r-devel-linux-x86_64-debian-gcc, r-devel-linux-x86_64-fedora-clang, r-devel-linux-x86_64-fedora-gcc, r-devel-windows-x86_64, r-patched-linux-x86_64, r-release-linux-x86_64, r-release-macos-arm64, r-release-macos-x86_64, r-release-windows-x86_64, r-oldrel-macos-arm64, r-oldrel-macos-x86_64, r-oldrel-windows-x86_64
Version: 0.0.7.1
Check: dependencies in R code
Result: NOTE
Namespaces in Imports field not imported from:
‘RcppParallel’ ‘rstantools’
All declared Imports should be used.
Flavors: r-devel-linux-x86_64-fedora-clang, r-devel-linux-x86_64-fedora-gcc
Version: 0.0.7.1
Check: installed package size
Result: NOTE
installed size is 63.6Mb
sub-directories of 1Mb or more:
libs 63.0Mb
Flavors: r-release-macos-arm64, r-release-macos-x86_64, r-oldrel-macos-arm64, r-oldrel-macos-x86_64