Last updated on 2024-09-06 09:49:33 CEST.
Flavor | Version | Tinstall | Tcheck | Ttotal | Status | Flags |
---|---|---|---|---|---|---|
r-devel-linux-x86_64-debian-clang | 1.0.0 | 2.84 | 179.90 | 182.74 | NOTE | |
r-devel-linux-x86_64-debian-gcc | 1.0.0 | 2.15 | 106.43 | 108.58 | NOTE | |
r-devel-linux-x86_64-fedora-clang | 1.0.0 | 295.10 | NOTE | |||
r-devel-linux-x86_64-fedora-gcc | 1.0.0 | 303.06 | NOTE | |||
r-devel-windows-x86_64 | 1.0.0 | 6.00 | 184.00 | 190.00 | NOTE | |
r-patched-linux-x86_64 | 1.0.0 | 3.21 | 170.39 | 173.60 | NOTE | |
r-release-linux-x86_64 | 1.0.0 | 2.60 | 164.58 | 167.18 | NOTE | |
r-release-macos-arm64 | 1.0.0 | 61.00 | NOTE | |||
r-release-macos-x86_64 | 1.0.0 | 127.00 | NOTE | |||
r-release-windows-x86_64 | 1.0.0 | 4.00 | 175.00 | 179.00 | NOTE | |
r-oldrel-macos-arm64 | 1.0.0 | 65.00 | NOTE | |||
r-oldrel-macos-x86_64 | 1.0.0 | 135.00 | NOTE | |||
r-oldrel-windows-x86_64 | 1.0.0 | 4.00 | 217.00 | 221.00 | NOTE |
Version: 1.0.0
Check: LazyData
Result: NOTE
'LazyData' is specified without a 'data' directory
Flavors: r-devel-linux-x86_64-debian-clang, r-devel-linux-x86_64-debian-gcc, r-devel-linux-x86_64-fedora-clang, r-devel-linux-x86_64-fedora-gcc, r-devel-windows-x86_64, r-patched-linux-x86_64, r-release-linux-x86_64, r-release-macos-arm64, r-release-macos-x86_64, r-release-windows-x86_64, r-oldrel-macos-arm64, r-oldrel-macos-x86_64, r-oldrel-windows-x86_64