Last updated on 2024-09-06 09:49:33 CEST.
Flavor | Version | Tinstall | Tcheck | Ttotal | Status | Flags |
---|---|---|---|---|---|---|
r-devel-linux-x86_64-debian-clang | 1.9 | 18.69 | 59.48 | 78.17 | OK | |
r-devel-linux-x86_64-debian-gcc | 1.9 | 14.07 | 43.54 | 57.61 | OK | |
r-devel-linux-x86_64-fedora-clang | 1.9 | 129.40 | NOTE | |||
r-devel-linux-x86_64-fedora-gcc | 1.9 | 123.88 | OK | |||
r-devel-windows-x86_64 | 1.9 | 32.00 | 83.00 | 115.00 | OK | |
r-patched-linux-x86_64 | 1.9 | 18.08 | 56.87 | 74.95 | OK | |
r-release-linux-x86_64 | 1.9 | 18.85 | 56.87 | 75.72 | OK | |
r-release-macos-arm64 | 1.9 | 42.00 | OK | |||
r-release-macos-x86_64 | 1.9 | 54.00 | OK | |||
r-release-windows-x86_64 | 1.9 | 32.00 | 78.00 | 110.00 | OK | |
r-oldrel-macos-arm64 | 1.9 | 43.00 | OK | |||
r-oldrel-macos-x86_64 | 1.9 | 95.00 | OK | |||
r-oldrel-windows-x86_64 | 1.9 | 34.00 | 90.00 | 124.00 | OK |
Version: 1.9
Check: installed package size
Result: NOTE
installed size is 7.7Mb
sub-directories of 1Mb or more:
libs 7.5Mb
Flavor: r-devel-linux-x86_64-fedora-clang