Last updated on 2025-10-21 09:48:49 CEST.
Flavor | Version | Tinstall | Tcheck | Ttotal | Status | Flags |
---|---|---|---|---|---|---|
r-devel-linux-x86_64-debian-clang | 1.3.10 | 15.83 | 26.19 | 42.02 | OK | |
r-devel-linux-x86_64-debian-gcc | 1.3.10 | 10.22 | 20.68 | 30.90 | NOTE | |
r-devel-linux-x86_64-fedora-clang | 1.3.10 | 73.43 | OK | |||
r-devel-linux-x86_64-fedora-gcc | 1.3.10 | 64.26 | OK | |||
r-devel-windows-x86_64 | 1.3.10 | 26.00 | 63.00 | 89.00 | OK | |
r-patched-linux-x86_64 | 1.3.10 | 15.78 | 24.80 | 40.58 | OK | |
r-release-linux-x86_64 | 1.3.10 | 15.62 | 24.96 | 40.58 | OK | |
r-release-macos-arm64 | 1.3.10 | 27.00 | OK | |||
r-release-macos-x86_64 | 1.3.10 | 50.00 | OK | |||
r-release-windows-x86_64 | 1.3.10 | 25.00 | 64.00 | 89.00 | OK | |
r-oldrel-macos-arm64 | 1.3.10 | 25.00 | OK | |||
r-oldrel-macos-x86_64 | 1.3.10 | 45.00 | OK | |||
r-oldrel-windows-x86_64 | 1.3.10 | 26.00 | 74.00 | 100.00 | OK |
Version: 1.3.10
Check: HTML version of manual
Result: NOTE
Found the following HTML validation problems:
describe-methods.html:48:1 (describe-methods.Rd:10): Warning: missing </ul> before </div>
Flavor: r-devel-linux-x86_64-debian-gcc