Last updated on 2024-08-05 09:48:21 CEST.
Flavor | Version | Tinstall | Tcheck | Ttotal | Status | Flags |
---|---|---|---|---|---|---|
r-devel-linux-x86_64-debian-clang | 0.3.2 | 18.17 | 147.79 | 165.96 | OK | |
r-devel-linux-x86_64-debian-gcc | 0.3.2 | 11.10 | 81.55 | 92.65 | OK | |
r-devel-linux-x86_64-fedora-clang | 0.3.2 | 206.91 | NOTE | |||
r-devel-linux-x86_64-fedora-gcc | 0.3.2 | 213.38 | OK | |||
r-devel-windows-x86_64 | 0.3.2 | 18.00 | 115.00 | 133.00 | OK | |
r-patched-linux-x86_64 | 0.3.2 | 13.47 | 106.91 | 120.38 | OK | |
r-release-linux-x86_64 | 0.3.2 | 18.05 | 137.47 | 155.52 | OK | |
r-release-macos-arm64 | 0.3.2 | 61.00 | OK | |||
r-release-macos-x86_64 | 0.3.2 | 90.00 | OK | |||
r-release-windows-x86_64 | 0.3.2 | 18.00 | 112.00 | 130.00 | OK | |
r-oldrel-macos-arm64 | 0.3.2 | 46.00 | OK | |||
r-oldrel-macos-x86_64 | 0.3.2 | 68.00 | OK | |||
r-oldrel-windows-x86_64 | 0.3.2 | 22.00 | 142.00 | 164.00 | OK |
Version: 0.3.2
Check: package dependencies
Result: NOTE
Imports includes 22 non-default packages.
Importing from so many packages makes the package vulnerable to any of
them becoming unavailable. Move as many as possible to Suggests and
use conditionally.
Flavor: r-devel-linux-x86_64-fedora-clang