Last updated on 2025-05-28 09:53:22 CEST.
Flavor | Version | Tinstall | Tcheck | Ttotal | Status | Flags |
---|---|---|---|---|---|---|
r-devel-linux-x86_64-debian-clang | 0.1.1 | 7.25 | 59.37 | 66.62 | OK | |
r-devel-linux-x86_64-debian-gcc | 0.1.1 | 4.57 | 42.60 | 47.17 | OK | |
r-devel-linux-x86_64-fedora-clang | 0.1.1 | 108.50 | NOTE | |||
r-devel-linux-x86_64-fedora-gcc | 0.1.1 | 111.22 | NOTE | |||
r-devel-windows-x86_64 | 0.1.1 | 9.00 | 73.00 | 82.00 | OK | |
r-patched-linux-x86_64 | 0.1.1 | 6.88 | 55.39 | 62.27 | OK | |
r-release-linux-x86_64 | 0.1.1 | 5.65 | 56.24 | 61.89 | OK | |
r-release-macos-arm64 | 0.1.1 | 42.00 | OK | |||
r-release-macos-x86_64 | 0.1.1 | 63.00 | OK | |||
r-release-windows-x86_64 | 0.1.1 | 8.00 | 75.00 | 83.00 | OK | |
r-oldrel-macos-arm64 | 0.1.1 | 35.00 | NOTE | |||
r-oldrel-macos-x86_64 | 0.1.1 | 54.00 | NOTE | |||
r-oldrel-windows-x86_64 | 0.1.1 | 12.00 | 90.00 | 102.00 | NOTE |
Version: 0.1.1
Check: dependencies in R code
Result: NOTE
Namespaces in Imports field not imported from:
‘drat’ ‘plyr’
All declared Imports should be used.
Flavors: r-devel-linux-x86_64-fedora-clang, r-devel-linux-x86_64-fedora-gcc
Version: 0.1.1
Check: package dependencies
Result: NOTE
Package suggested but not available for checking: ‘tashudata’
Flavors: r-oldrel-macos-arm64, r-oldrel-macos-x86_64, r-oldrel-windows-x86_64
Version: 0.1.1
Check: LazyData
Result: NOTE
'LazyData' is specified without a 'data' directory
Flavors: r-oldrel-macos-arm64, r-oldrel-macos-x86_64, r-oldrel-windows-x86_64