Last updated on 2025-10-22 09:50:54 CEST.
Flavor | Version | Tinstall | Tcheck | Ttotal | Status | Flags |
---|---|---|---|---|---|---|
r-devel-linux-x86_64-debian-clang | 1.0.0 | 5.08 | 49.76 | 54.84 | NOTE | |
r-devel-linux-x86_64-debian-gcc | 1.0.0 | 3.27 | 36.90 | 40.17 | NOTE | |
r-devel-linux-x86_64-fedora-clang | 1.0.0 | 29.00 | 58.41 | 87.41 | OK | |
r-devel-linux-x86_64-fedora-gcc | 1.0.0 | 10.00 | 82.28 | 92.28 | OK | |
r-devel-windows-x86_64 | 1.0.0 | 7.00 | 66.00 | 73.00 | NOTE | |
r-patched-linux-x86_64 | 1.0.0 | 4.86 | 45.23 | 50.09 | NOTE | |
r-release-linux-x86_64 | 1.0.0 | 4.70 | 44.76 | 49.46 | NOTE | |
r-release-macos-arm64 | 1.0.0 | 2.00 | 34.00 | 36.00 | OK | |
r-release-macos-x86_64 | 1.0.0 | 4.00 | 61.00 | 65.00 | OK | |
r-release-windows-x86_64 | 1.0.0 | 8.00 | 67.00 | 75.00 | NOTE | |
r-oldrel-macos-arm64 | 1.0.0 | 2.00 | 36.00 | 38.00 | OK | |
r-oldrel-macos-x86_64 | 1.0.0 | 3.00 | 53.00 | 56.00 | OK | |
r-oldrel-windows-x86_64 | 1.0.0 | 10.00 | 80.00 | 90.00 | OK |
Version: 1.0.0
Check: Rd cross-references
Result: NOTE
Found the following Rd file(s) with Rd \link{} targets missing package
anchors:
tts_speak_engine.Rd: knit_engines
Please provide package anchors for all Rd \link{} targets not in the
package itself and the base packages.
Flavors: r-devel-linux-x86_64-debian-clang, r-devel-linux-x86_64-debian-gcc, r-devel-windows-x86_64, r-patched-linux-x86_64, r-release-linux-x86_64, r-release-windows-x86_64
Version: 1.0.0
Check: HTML version of manual
Result: NOTE
Found the following HTML validation problems:
tts_default_voice.html:46:1 (tts_default_voice.Rd:10): Warning: missing </ul> before </div>
Flavors: r-devel-linux-x86_64-debian-clang, r-devel-linux-x86_64-debian-gcc