Last updated on 2024-08-05 09:48:20 CEST.
Flavor | Version | Tinstall | Tcheck | Ttotal | Status | Flags |
---|---|---|---|---|---|---|
r-devel-linux-x86_64-debian-clang | 0.5.5 | 67.76 | 152.86 | 220.62 | NOTE | |
r-devel-linux-x86_64-debian-gcc | 0.5.5 | 32.24 | 148.16 | 180.40 | NOTE | |
r-devel-linux-x86_64-fedora-clang | 0.5.5 | 309.66 | NOTE | |||
r-devel-linux-x86_64-fedora-gcc | 0.5.5 | 312.45 | NOTE | |||
r-patched-linux-x86_64 | 0.5.5 | 44.86 | 121.96 | 166.82 | NOTE | |
r-release-linux-x86_64 | 0.5.5 | 56.22 | 148.31 | 204.53 | NOTE | |
r-release-macos-arm64 | 0.5.5 | 73.00 | NOTE | |||
r-release-macos-x86_64 | 0.5.5 | 93.00 | NOTE | |||
r-oldrel-macos-arm64 | 0.5.5 | 88.00 | NOTE | |||
r-oldrel-macos-x86_64 | 0.5.5 | 140.00 | NOTE |
Version: 0.5.5
Check: for GNU extensions in Makefiles
Result: NOTE
GNU make is a SystemRequirements.
Flavors: r-devel-linux-x86_64-debian-clang, r-devel-linux-x86_64-debian-gcc, r-devel-linux-x86_64-fedora-clang, r-devel-linux-x86_64-fedora-gcc, r-patched-linux-x86_64, r-release-linux-x86_64, r-release-macos-arm64, r-release-macos-x86_64, r-oldrel-macos-arm64, r-oldrel-macos-x86_64
Version: 0.5.5
Check: dependencies in R code
Result: NOTE
Namespace in Imports field not imported from: ‘doRNG’
All declared Imports should be used.
Flavors: r-devel-linux-x86_64-fedora-clang, r-devel-linux-x86_64-fedora-gcc