Last updated on 2024-08-04 09:52:44 CEST.
Flavor | Version | Tinstall | Tcheck | Ttotal | Status | Flags |
---|---|---|---|---|---|---|
r-devel-linux-x86_64-debian-clang | 0.12.5 | 370.33 | 208.10 | 578.43 | NOTE | |
r-devel-linux-x86_64-debian-gcc | 0.12.5 | 232.80 | 131.97 | 364.77 | NOTE | |
r-devel-linux-x86_64-fedora-clang | 0.12.5 | 694.10 | NOTE | |||
r-devel-linux-x86_64-fedora-gcc | 0.12.5 | 570.70 | NOTE | |||
r-devel-windows-x86_64 | 0.12.5 | 273.00 | 200.00 | 473.00 | NOTE | |
r-patched-linux-x86_64 | 0.12.5 | 0.01 | 2.41 | 2.42 | ERROR | |
r-release-linux-x86_64 | 0.12.5 | 0.02 | 2.54 | 2.56 | ERROR | |
r-release-macos-arm64 | 0.12.5 | 184.00 | NOTE | |||
r-release-macos-x86_64 | 0.12.5 | 223.00 | NOTE | |||
r-release-windows-x86_64 | 0.12.5 | 268.00 | 205.00 | 473.00 | NOTE | |
r-oldrel-macos-arm64 | 0.12.5 | 198.00 | NOTE | |||
r-oldrel-macos-x86_64 | 0.12.5 | 359.00 | NOTE | |||
r-oldrel-windows-x86_64 | 0.12.5 | 356.00 | 242.00 | 598.00 | NOTE |
Version: 0.12.5
Check: for GNU extensions in Makefiles
Result: NOTE
GNU make is a SystemRequirements.
Flavors: r-devel-linux-x86_64-debian-clang, r-devel-linux-x86_64-debian-gcc, r-devel-linux-x86_64-fedora-clang, r-devel-linux-x86_64-fedora-gcc, r-devel-windows-x86_64, r-release-macos-arm64, r-release-macos-x86_64, r-release-windows-x86_64, r-oldrel-macos-arm64, r-oldrel-macos-x86_64, r-oldrel-windows-x86_64
Version: 0.12.5
Check: whether package can be installed
Result: ERROR
Installation failed.
Flavors: r-patched-linux-x86_64, r-release-linux-x86_64
Version: 0.12.5
Check: installed package size
Result: NOTE
installed size is 84.3Mb
sub-directories of 1Mb or more:
libs 83.8Mb
Flavors: r-release-macos-arm64, r-release-macos-x86_64, r-oldrel-macos-arm64, r-oldrel-macos-x86_64