Last updated on 2024-08-05 09:48:20 CEST.
Flavor | Version | Tinstall | Tcheck | Ttotal | Status | Flags |
---|---|---|---|---|---|---|
r-devel-linux-x86_64-debian-clang | 0.1.0 | 8.48 | 104.52 | 113.00 | OK | |
r-devel-linux-x86_64-debian-gcc | 0.1.0 | 6.24 | 56.37 | 62.61 | OK | |
r-devel-linux-x86_64-fedora-clang | 0.1.0 | 145.95 | NOTE | |||
r-devel-linux-x86_64-fedora-gcc | 0.1.0 | 153.42 | NOTE | |||
r-devel-windows-x86_64 | 0.1.0 | 11.00 | 94.00 | 105.00 | OK | |
r-patched-linux-x86_64 | 0.1.0 | 8.05 | 75.88 | 83.93 | OK | |
r-release-linux-x86_64 | 0.1.0 | 6.24 | 96.64 | 102.88 | OK | |
r-release-macos-arm64 | 0.1.0 | 47.00 | OK | |||
r-release-macos-x86_64 | 0.1.0 | 73.00 | OK | |||
r-release-windows-x86_64 | 0.1.0 | 11.00 | 93.00 | 104.00 | OK | |
r-oldrel-macos-arm64 | 0.1.0 | 53.00 | OK | |||
r-oldrel-macos-x86_64 | 0.1.0 | 141.00 | OK | |||
r-oldrel-windows-x86_64 | 0.1.0 | 12.00 | 109.00 | 121.00 | OK |
Version: 0.1.0
Check: data for non-ASCII characters
Result: NOTE
Note: found 4 marked UTF-8 strings
Flavors: r-devel-linux-x86_64-fedora-clang, r-devel-linux-x86_64-fedora-gcc