Last updated on 2025-10-22 09:50:55 CEST.
Flavor | Version | Tinstall | Tcheck | Ttotal | Status | Flags |
---|---|---|---|---|---|---|
r-devel-linux-x86_64-debian-clang | 0.5.1 | 5.44 | 168.04 | 173.48 | NOTE | |
r-devel-linux-x86_64-debian-gcc | 0.5.1 | 4.19 | 108.30 | 112.49 | NOTE | |
r-devel-linux-x86_64-fedora-clang | 0.5.1 | 30.00 | 250.29 | 280.29 | OK | |
r-devel-linux-x86_64-fedora-gcc | 0.5.1 | 11.00 | 254.16 | 265.16 | OK | |
r-devel-windows-x86_64 | 0.5.1 | 7.00 | 155.00 | 162.00 | OK | |
r-patched-linux-x86_64 | 0.5.1 | 5.97 | 150.95 | 156.92 | OK | |
r-release-linux-x86_64 | 0.5.1 | 4.81 | 152.86 | 157.67 | OK | |
r-release-macos-arm64 | 0.5.1 | 2.00 | 73.00 | 75.00 | OK | |
r-release-macos-x86_64 | 0.5.1 | 5.00 | 167.00 | 172.00 | OK | |
r-release-windows-x86_64 | 0.5.1 | 9.00 | 155.00 | 164.00 | OK | |
r-oldrel-macos-arm64 | 0.5.1 | 2.00 | 88.00 | 90.00 | OK | |
r-oldrel-macos-x86_64 | 0.5.1 | 9.00 | 178.00 | 187.00 | OK | |
r-oldrel-windows-x86_64 | 0.5.1 | 10.00 | 202.00 | 212.00 | OK |
Version: 0.5.1
Check: HTML version of manual
Result: NOTE
Found the following HTML validation problems:
as_parsed_model.html:46:1 (as_parsed_model.Rd:10): Warning: missing </ul> before </div>
tidy.pm_regression.html:51:1 (tidy.pm_regression.Rd:12): Warning: missing </ul> before </div>
tidypredict_to_column.html:72:1 (tidypredict_to_column.Rd:26): Warning: missing </ul> before </div>
Flavors: r-devel-linux-x86_64-debian-clang, r-devel-linux-x86_64-debian-gcc