Last updated on 2024-09-08 09:48:33 CEST.
Flavor | Version | Tinstall | Tcheck | Ttotal | Status | Flags |
---|---|---|---|---|---|---|
r-devel-linux-x86_64-debian-clang | 0.1.7 | 2.33 | 42.19 | 44.52 | NOTE | |
r-devel-linux-x86_64-debian-gcc | 0.1.7 | 2.02 | 33.07 | 35.09 | NOTE | |
r-devel-linux-x86_64-fedora-clang | 0.1.7 | 73.74 | NOTE | |||
r-devel-linux-x86_64-fedora-gcc | 0.1.7 | 72.79 | NOTE | |||
r-devel-windows-x86_64 | 0.1.7 | 4.00 | 71.00 | 75.00 | NOTE | |
r-patched-linux-x86_64 | 0.1.7 | 2.27 | 42.29 | 44.56 | NOTE | |
r-release-linux-x86_64 | 0.1.7 | 2.49 | 42.37 | 44.86 | NOTE | |
r-release-macos-arm64 | 0.1.7 | 26.00 | NOTE | |||
r-release-macos-x86_64 | 0.1.7 | 46.00 | NOTE | |||
r-release-windows-x86_64 | 0.1.7 | 3.00 | 64.00 | 67.00 | NOTE | |
r-oldrel-macos-arm64 | 0.1.7 | 35.00 | NOTE | |||
r-oldrel-macos-x86_64 | 0.1.7 | 65.00 | NOTE | |||
r-oldrel-windows-x86_64 | 0.1.7 | 4.00 | 67.00 | 71.00 | NOTE |
Version: 0.1.7
Check: package dependencies
Result: NOTE
Package suggested but not available for checking: ‘rrelaxiv’
Flavors: r-devel-linux-x86_64-debian-clang, r-devel-linux-x86_64-debian-gcc, r-devel-linux-x86_64-fedora-clang, r-devel-linux-x86_64-fedora-gcc, r-devel-windows-x86_64, r-patched-linux-x86_64, r-release-linux-x86_64, r-release-macos-arm64, r-release-macos-x86_64, r-release-windows-x86_64, r-oldrel-macos-arm64, r-oldrel-macos-x86_64, r-oldrel-windows-x86_64