Last updated on 2025-11-01 08:49:57 CET.
| Flavor | Version | Tinstall | Tcheck | Ttotal | Status | Flags |
|---|---|---|---|---|---|---|
| r-devel-linux-x86_64-debian-clang | 0.33.0 | 127.00 | 181.14 | 308.14 | OK | |
| r-devel-linux-x86_64-debian-gcc | 0.33.0 | 105.72 | 109.17 | 214.89 | OK | |
| r-devel-linux-x86_64-fedora-clang | 0.33.0 | 547.00 | -34.56 | 512.44 | OK | |
| r-devel-linux-x86_64-fedora-gcc | 0.33.0 | 1320.00 | -761.58 | 558.42 | OK | |
| r-devel-windows-x86_64 | 0.33.0 | 153.00 | 381.00 | 534.00 | OK | |
| r-patched-linux-x86_64 | 0.33.0 | 147.41 | 173.00 | 320.41 | OK | |
| r-release-linux-x86_64 | 0.33.0 | 149.44 | 171.29 | 320.73 | OK | |
| r-release-macos-arm64 | 0.33.0 | 60.00 | 108.00 | 168.00 | OK | |
| r-release-macos-x86_64 | 0.33.0 | 75.00 | 194.00 | 269.00 | OK | |
| r-release-windows-x86_64 | 0.33.0 | 159.00 | 397.00 | 556.00 | OK | |
| r-oldrel-macos-arm64 | 0.33.0 | 57.00 | 101.00 | 158.00 | NOTE | |
| r-oldrel-macos-x86_64 | 0.33.0 | 83.00 | 190.00 | 273.00 | NOTE | |
| r-oldrel-windows-x86_64 | 0.33.0 | 189.00 | 547.00 | 736.00 | NOTE |
Version: 0.33.0
Check: installed package size
Result: NOTE
installed size is 56.9Mb
sub-directories of 1Mb or more:
libs 16.2Mb
tiledb 38.1Mb
Flavors: r-oldrel-macos-arm64, r-oldrel-macos-x86_64, r-oldrel-windows-x86_64