CRAN Package Check Results for Package timevarcorr

Last updated on 2025-11-21 09:49:19 CET.

Flavor Version Tinstall Tcheck Ttotal Status Flags
r-devel-linux-x86_64-debian-clang 0.1.1 1.95 56.93 58.88 NOTE
r-devel-linux-x86_64-debian-gcc 0.1.1 1.83 40.07 41.90 NOTE
r-devel-linux-x86_64-fedora-clang 0.1.1 91.21 NOTE
r-devel-linux-x86_64-fedora-gcc 0.1.1 89.04 NOTE
r-devel-windows-x86_64 0.1.1 4.00 81.00 85.00 NOTE
r-patched-linux-x86_64 0.1.1 2.91 53.57 56.48 NOTE
r-release-linux-x86_64 0.1.1 2.52 54.23 56.75 NOTE
r-release-macos-arm64 0.1.1 NOTE
r-release-macos-x86_64 0.1.1 2.00 54.00 56.00 NOTE
r-release-windows-x86_64 0.1.1 4.00 81.00 85.00 NOTE
r-oldrel-macos-arm64 0.1.1 OK
r-oldrel-macos-x86_64 0.1.1 4.00 57.00 61.00 OK
r-oldrel-windows-x86_64 0.1.1 6.00 89.00 95.00 OK

Check Details

Version: 0.1.1
Check: DESCRIPTION meta-information
Result: NOTE Missing dependency on R >= 4.1.0 because package code uses the pipe |> or function shorthand \(...) syntax added in R 4.1.0. File(s) using such syntax: ‘tcor.Rd’ Flavors: r-devel-linux-x86_64-debian-clang, r-devel-linux-x86_64-debian-gcc, r-devel-linux-x86_64-fedora-clang, r-devel-linux-x86_64-fedora-gcc, r-devel-windows-x86_64, r-patched-linux-x86_64, r-release-linux-x86_64, r-release-macos-arm64, r-release-macos-x86_64, r-release-windows-x86_64