Last updated on 2025-05-22 09:51:56 CEST.
Flavor | Version | Tinstall | Tcheck | Ttotal | Status | Flags |
---|---|---|---|---|---|---|
r-devel-linux-x86_64-debian-clang | 1.0.3 | 281.13 | 160.12 | 441.25 | OK | |
r-devel-linux-x86_64-debian-gcc | 1.0.3 | 172.37 | 125.91 | 298.28 | OK | |
r-devel-linux-x86_64-fedora-clang | 1.0.3 | 671.42 | NOTE | |||
r-devel-linux-x86_64-fedora-gcc | 1.0.3 | 818.16 | NOTE | |||
r-devel-windows-x86_64 | 1.0.3 | 236.00 | 199.00 | 435.00 | OK | |
r-patched-linux-x86_64 | 1.0.3 | 236.79 | 169.37 | 406.16 | OK | |
r-release-linux-x86_64 | 1.0.3 | 229.55 | 169.17 | 398.72 | OK | |
r-release-macos-arm64 | 1.0.3 | 241.00 | OK | |||
r-release-macos-x86_64 | 1.0.3 | 380.00 | OK | |||
r-release-windows-x86_64 | 1.0.3 | 234.00 | 203.00 | 437.00 | OK | |
r-oldrel-macos-arm64 | 1.0.3 | 131.00 | NOTE | |||
r-oldrel-macos-x86_64 | 1.0.3 | 206.00 | NOTE | |||
r-oldrel-windows-x86_64 | 1.0.3 | 307.00 | 246.00 | 553.00 | NOTE |
Version: 1.0.3
Check: dependencies in R code
Result: NOTE
Namespace in Imports field not imported from: ‘sp’
All declared Imports should be used.
Flavors: r-devel-linux-x86_64-fedora-clang, r-devel-linux-x86_64-fedora-gcc
Version: 1.0.3
Check: installed package size
Result: NOTE
installed size is 95.8Mb
sub-directories of 1Mb or more:
doc 1.9Mb
libs 91.9Mb
Flavors: r-oldrel-macos-arm64, r-oldrel-macos-x86_64, r-oldrel-windows-x86_64
Version: 1.0.3
Check: for GNU extensions in Makefiles
Result: NOTE
GNU make is a SystemRequirements.
Flavors: r-oldrel-macos-arm64, r-oldrel-macos-x86_64, r-oldrel-windows-x86_64