Last updated on 2024-08-05 09:48:21 CEST.
Flavor | Version | Tinstall | Tcheck | Ttotal | Status | Flags |
---|---|---|---|---|---|---|
r-devel-linux-x86_64-debian-clang | 0.1.3 | 524.87 | 36.65 | 561.52 | OK | |
r-devel-linux-x86_64-debian-gcc | 0.1.3 | 324.96 | 22.74 | 347.70 | OK | |
r-devel-linux-x86_64-fedora-clang | 0.1.3 | 912.65 | NOTE | |||
r-devel-linux-x86_64-fedora-gcc | 0.1.3 | 962.11 | OK | |||
r-devel-windows-x86_64 | 0.1.3 | 111.00 | 121.00 | 232.00 | NOTE | |
r-patched-linux-x86_64 | 0.1.3 | 405.62 | 28.41 | 434.03 | OK | |
r-release-linux-x86_64 | 0.1.3 | 523.55 | 36.26 | 559.81 | OK | |
r-release-macos-arm64 | 0.1.3 | 265.00 | NOTE | |||
r-release-macos-x86_64 | 0.1.3 | 199.00 | NOTE | |||
r-release-windows-x86_64 | 0.1.3 | 112.00 | 124.00 | 236.00 | NOTE | |
r-oldrel-macos-arm64 | 0.1.3 | 264.00 | NOTE | |||
r-oldrel-macos-x86_64 | 0.1.3 | 92.00 | ERROR | |||
r-oldrel-windows-x86_64 | 0.1.3 | 126.00 | 152.00 | 278.00 | NOTE |
Version: 0.1.3
Check: installed package size
Result: NOTE
installed size is 14.9Mb
sub-directories of 1Mb or more:
libs 14.2Mb
Flavors: r-devel-linux-x86_64-fedora-clang, r-devel-windows-x86_64, r-release-macos-arm64, r-release-macos-x86_64, r-release-windows-x86_64, r-oldrel-macos-arm64, r-oldrel-windows-x86_64
Version: 0.1.3
Check: whether package can be installed
Result: ERROR
Installation failed.
Flavor: r-oldrel-macos-x86_64