Last updated on 2025-11-02 09:48:51 CET.
| Flavor | Version | Tinstall | Tcheck | Ttotal | Status | Flags |
|---|---|---|---|---|---|---|
| r-devel-linux-x86_64-debian-clang | 0.1.4 | 75.64 | 26.22 | 101.86 | OK | |
| r-devel-linux-x86_64-debian-gcc | 0.1.4 | 56.59 | 21.95 | 78.54 | OK | |
| r-devel-linux-x86_64-fedora-clang | 0.1.4 | 107.00 | 68.41 | 175.41 | OK | |
| r-devel-linux-x86_64-fedora-gcc | 0.1.4 | 126.00 | 66.23 | 192.23 | OK | |
| r-devel-windows-x86_64 | 0.1.4 | 74.00 | 66.00 | 140.00 | OK | |
| r-patched-linux-x86_64 | 0.1.4 | 84.74 | 24.97 | 109.71 | OK | |
| r-release-linux-x86_64 | 0.1.4 | 82.09 | 25.06 | 107.15 | OK | |
| r-release-macos-arm64 | 0.1.4 | 29.00 | 18.00 | 47.00 | OK | |
| r-release-macos-x86_64 | 0.1.4 | 79.00 | 37.00 | 116.00 | OK | |
| r-release-windows-x86_64 | 0.1.4 | 80.00 | 67.00 | 147.00 | OK | |
| r-oldrel-macos-arm64 | 0.1.4 | 30.00 | 23.00 | 53.00 | NOTE | |
| r-oldrel-macos-x86_64 | 0.1.4 | 69.00 | 37.00 | 106.00 | NOTE | |
| r-oldrel-windows-x86_64 | 0.1.4 | 68.00 | 82.00 | 150.00 | OK |
Version: 0.1.4
Check: installed package size
Result: NOTE
installed size is 6.1Mb
sub-directories of 1Mb or more:
libs 5.2Mb
Flavors: r-oldrel-macos-arm64, r-oldrel-macos-x86_64