Last updated on 2024-08-05 09:48:21 CEST.
Flavor | Version | Tinstall | Tcheck | Ttotal | Status | Flags |
---|---|---|---|---|---|---|
r-devel-linux-x86_64-debian-clang | 0.0.1 | 5.84 | 57.66 | 63.50 | NOTE | |
r-devel-linux-x86_64-debian-gcc | 0.0.1 | 4.22 | 35.02 | 39.24 | NOTE | |
r-devel-linux-x86_64-fedora-clang | 0.0.1 | 83.73 | NOTE | |||
r-devel-linux-x86_64-fedora-gcc | 0.0.1 | 82.65 | NOTE | |||
r-devel-windows-x86_64 | 0.0.1 | 8.00 | 64.00 | 72.00 | NOTE | |
r-patched-linux-x86_64 | 0.0.1 | 5.37 | 44.25 | 49.62 | NOTE | |
r-release-linux-x86_64 | 0.0.1 | 6.01 | 55.35 | 61.36 | NOTE | |
r-release-macos-arm64 | 0.0.1 | 28.00 | NOTE | |||
r-release-macos-x86_64 | 0.0.1 | 41.00 | NOTE | |||
r-release-windows-x86_64 | 0.0.1 | 7.00 | 62.00 | 69.00 | NOTE | |
r-oldrel-macos-arm64 | 0.0.1 | 27.00 | OK | |||
r-oldrel-macos-x86_64 | 0.0.1 | 43.00 | OK | |||
r-oldrel-windows-x86_64 | 0.0.1 | 9.00 | 69.00 | 78.00 | OK |
Version: 0.0.1
Check: Rd files
Result: NOTE
checkRd: (-1) fixed_width_no_modeling.Rd:26: Lost braces in \itemize; \value handles \item{}{} directly
checkRd: (-1) fixed_width_no_modeling.Rd:27: Lost braces in \itemize; \value handles \item{}{} directly
checkRd: (-1) fixed_width_no_modeling.Rd:28: Lost braces in \itemize; \value handles \item{}{} directly
Flavors: r-devel-linux-x86_64-debian-clang, r-devel-linux-x86_64-debian-gcc, r-devel-linux-x86_64-fedora-clang, r-devel-linux-x86_64-fedora-gcc, r-devel-windows-x86_64, r-patched-linux-x86_64, r-release-linux-x86_64, r-release-macos-arm64, r-release-macos-x86_64, r-release-windows-x86_64