Last updated on 2024-09-06 09:49:34 CEST.
Flavor | Version | Tinstall | Tcheck | Ttotal | Status | Flags |
---|---|---|---|---|---|---|
r-devel-linux-x86_64-debian-clang | 0.1.4 | 4.12 | 47.19 | 51.31 | OK | |
r-devel-linux-x86_64-debian-gcc | 0.1.4 | 3.44 | 35.30 | 38.74 | OK | |
r-devel-linux-x86_64-fedora-clang | 0.1.4 | 86.01 | NOTE | |||
r-devel-linux-x86_64-fedora-gcc | 0.1.4 | 90.78 | NOTE | |||
r-devel-windows-x86_64 | 0.1.4 | 7.00 | 70.00 | 77.00 | OK | |
r-patched-linux-x86_64 | 0.1.4 | 4.07 | 44.94 | 49.01 | OK | |
r-release-linux-x86_64 | 0.1.4 | 4.03 | 45.37 | 49.40 | OK | |
r-release-macos-arm64 | 0.1.4 | 33.00 | OK | |||
r-release-macos-x86_64 | 0.1.4 | 49.00 | OK | |||
r-release-windows-x86_64 | 0.1.4 | 7.00 | 70.00 | 77.00 | OK | |
r-oldrel-macos-arm64 | 0.1.4 | 34.00 | OK | |||
r-oldrel-macos-x86_64 | 0.1.4 | 54.00 | OK | |||
r-oldrel-windows-x86_64 | 0.1.4 | 8.00 | 71.00 | 79.00 | OK |
Version: 0.1.4
Check: data for non-ASCII characters
Result: NOTE
Note: found 4490 marked UTF-8 strings
Flavors: r-devel-linux-x86_64-fedora-clang, r-devel-linux-x86_64-fedora-gcc