Last updated on 2025-05-14 09:49:54 CEST.
Flavor | Version | Tinstall | Tcheck | Ttotal | Status | Flags |
---|---|---|---|---|---|---|
r-devel-linux-x86_64-debian-clang | 1.0.4 | 11.42 | 76.40 | 87.82 | NOTE | |
r-devel-linux-x86_64-debian-gcc | 1.0.4 | 6.92 | 58.13 | 65.05 | NOTE | |
r-devel-linux-x86_64-fedora-clang | 1.0.4 | 137.89 | OK | |||
r-devel-linux-x86_64-fedora-gcc | 1.0.4 | 133.14 | OK | |||
r-devel-windows-x86_64 | 1.0.4 | 13.00 | 118.00 | 131.00 | OK | |
r-patched-linux-x86_64 | 1.0.4 | 11.09 | 74.88 | 85.97 | OK | |
r-release-linux-x86_64 | 1.0.4 | 10.47 | 74.51 | 84.98 | OK | |
r-release-macos-arm64 | 1.0.4 | 46.00 | OK | |||
r-release-macos-x86_64 | 1.0.4 | 79.00 | OK | |||
r-release-windows-x86_64 | 1.0.4 | 12.00 | 117.00 | 129.00 | OK | |
r-oldrel-macos-arm64 | 1.0.4 | 39.00 | OK | |||
r-oldrel-macos-x86_64 | 1.0.4 | 61.00 | OK | |||
r-oldrel-windows-x86_64 | 1.0.4 | 17.00 | 135.00 | 152.00 | OK |
Version: 1.0.4
Check: CRAN incoming feasibility
Result: NOTE
Maintainer: ‘Rainer Schlittgen <R.Schlittgen@t-online.de>’
No Authors@R field in DESCRIPTION.
Please add one, modifying
Authors@R: person(given = "Rainer",
family = "Schlittgen",
role = c("aut", "cre"),
email = "r.schlittgen@t-online.de")
as necessary.
Flavors: r-devel-linux-x86_64-debian-clang, r-devel-linux-x86_64-debian-gcc