Last updated on 2024-09-06 09:49:34 CEST.
Flavor | Version | Tinstall | Tcheck | Ttotal | Status | Flags |
---|---|---|---|---|---|---|
r-devel-linux-x86_64-debian-clang | 0.1.0 | 616.97 | 245.72 | 862.69 | OK | |
r-devel-linux-x86_64-debian-gcc | 0.1.0 | 475.56 | 212.23 | 687.79 | OK | |
r-devel-linux-x86_64-fedora-clang | 0.1.0 | 1362.52 | NOTE | |||
r-devel-linux-x86_64-fedora-gcc | 0.1.0 | 1679.65 | NOTE | |||
r-devel-windows-x86_64 | 0.1.0 | 495.00 | 351.00 | 846.00 | NOTE | |
r-patched-linux-x86_64 | 0.1.0 | 614.61 | 291.52 | 906.13 | OK | |
r-release-linux-x86_64 | 0.1.0 | 624.47 | 287.93 | 912.40 | OK | |
r-release-macos-arm64 | 0.1.0 | 281.00 | NOTE | |||
r-release-macos-x86_64 | 0.1.0 | 318.00 | NOTE | |||
r-release-windows-x86_64 | 0.1.0 | 508.00 | 362.00 | 870.00 | NOTE | |
r-oldrel-macos-arm64 | 0.1.0 | 262.00 | NOTE | |||
r-oldrel-macos-x86_64 | 0.1.0 | 469.00 | NOTE | |||
r-oldrel-windows-x86_64 | 0.1.0 | 679.00 | 435.00 | 1114.00 | NOTE |
Version: 0.1.0
Check: installed package size
Result: NOTE
installed size is 6.9Mb
sub-directories of 1Mb or more:
libs 5.9Mb
Flavors: r-devel-linux-x86_64-fedora-clang, r-devel-windows-x86_64, r-release-macos-arm64, r-release-macos-x86_64, r-release-windows-x86_64, r-oldrel-macos-arm64, r-oldrel-macos-x86_64, r-oldrel-windows-x86_64
Version: 0.1.0
Check: for GNU extensions in Makefiles
Result: NOTE
GNU make is a SystemRequirements.
Flavors: r-devel-linux-x86_64-fedora-clang, r-devel-linux-x86_64-fedora-gcc, r-release-macos-arm64, r-release-macos-x86_64, r-oldrel-macos-arm64, r-oldrel-macos-x86_64