Last updated on 2024-07-16 09:50:27 CEST.
Flavor | Version | Tinstall | Tcheck | Ttotal | Status | Flags |
---|---|---|---|---|---|---|
r-devel-linux-x86_64-debian-clang | 1.6 | 29.62 | 271.42 | 301.04 | OK | |
r-devel-linux-x86_64-debian-gcc | 1.6 | 23.44 | 195.08 | 218.52 | OK | |
r-devel-linux-x86_64-fedora-clang | 1.6 | 391.32 | OK | |||
r-devel-linux-x86_64-fedora-gcc | 1.6 | 341.93 | OK | |||
r-devel-windows-x86_64 | 1.6 | 22.00 | 181.00 | 203.00 | NOTE | |
r-patched-linux-x86_64 | 1.6 | 25.49 | 251.85 | 277.34 | OK | |
r-release-linux-x86_64 | 1.6 | 22.93 | 250.03 | 272.96 | OK | |
r-release-macos-arm64 | 1.6 | 86.00 | OK | |||
r-release-macos-x86_64 | 1.6 | 139.00 | OK | |||
r-release-windows-x86_64 | 1.6 | 24.00 | 183.00 | 207.00 | OK | |
r-oldrel-macos-arm64 | 1.6 | 91.00 | OK | |||
r-oldrel-macos-x86_64 | 1.6 | 303.00 | OK | |||
r-oldrel-windows-x86_64 | 1.6 | 25.00 | 230.00 | 255.00 | OK |
Version: 1.6
Check: Rd cross-references
Result: NOTE
Found the following Rd file(s) with Rd \link{} targets missing package
anchors:
ttScreening-package.Rd: sva
Please provide package anchors for all Rd \link{} targets not in the
package itself and the base packages.
Flavor: r-devel-windows-x86_64