Last updated on 2024-08-05 09:48:21 CEST.
Flavor | Version | Tinstall | Tcheck | Ttotal | Status | Flags |
---|---|---|---|---|---|---|
r-devel-linux-x86_64-debian-clang | 1.1.9 | 7.49 | 47.20 | 54.69 | NOTE | |
r-devel-linux-x86_64-debian-gcc | 1.1.9 | 4.37 | 27.23 | 31.60 | NOTE | |
r-devel-linux-x86_64-fedora-clang | 1.1.9 | 69.68 | NOTE | |||
r-devel-linux-x86_64-fedora-gcc | 1.1.9 | 71.41 | NOTE | |||
r-devel-windows-x86_64 | 1.1.9 | 9.00 | 60.00 | 69.00 | NOTE | |
r-patched-linux-x86_64 | 1.1.9 | 10.07 | 34.48 | 44.55 | NOTE | |
r-release-linux-x86_64 | 1.1.9 | 7.38 | 44.11 | 51.49 | NOTE | |
r-release-macos-arm64 | 1.1.9 | 23.00 | NOTE | |||
r-release-macos-x86_64 | 1.1.9 | 35.00 | NOTE | |||
r-release-windows-x86_64 | 1.1.9 | 8.00 | 60.00 | 68.00 | NOTE | |
r-oldrel-macos-arm64 | 1.1.9 | 29.00 | NOTE | |||
r-oldrel-macos-x86_64 | 1.1.9 | 36.00 | NOTE | |||
r-oldrel-windows-x86_64 | 1.1.9 | 11.00 | 63.00 | 74.00 | NOTE |
Version: 1.1.9
Check: LazyData
Result: NOTE
'LazyData' is specified without a 'data' directory
Flavors: r-devel-linux-x86_64-debian-clang, r-devel-linux-x86_64-debian-gcc, r-devel-linux-x86_64-fedora-clang, r-devel-linux-x86_64-fedora-gcc, r-devel-windows-x86_64, r-patched-linux-x86_64, r-release-linux-x86_64, r-release-macos-arm64, r-release-macos-x86_64, r-release-windows-x86_64, r-oldrel-macos-arm64, r-oldrel-macos-x86_64, r-oldrel-windows-x86_64
Version: 1.1.9
Check: Rd cross-references
Result: NOTE
Found the following Rd file(s) with Rd \link{} targets missing package
anchors:
getUser.Rd: GET
search.Rd: GET
search_twitter_and_store.Rd: GET
setup_twitter_oauth.Rd: Token, GET, POST
showStatus.Rd: GET, POST
timelines.Rd: GET
updateStatus.Rd: GET
use_oauth_token.Rd: Token
Please provide package anchors for all Rd \link{} targets not in the
package itself and the base packages.
Flavors: r-devel-linux-x86_64-debian-gcc, r-devel-windows-x86_64