Last updated on 2025-10-24 09:50:23 CEST.
| Flavor | Version | Tinstall | Tcheck | Ttotal | Status | Flags |
|---|---|---|---|---|---|---|
| r-devel-linux-x86_64-debian-clang | 0.3.8 | 13.60 | 199.29 | 212.89 | NOTE | |
| r-devel-linux-x86_64-debian-gcc | 0.3.8 | 9.26 | 127.80 | 137.06 | NOTE | |
| r-devel-linux-x86_64-fedora-clang | 0.3.8 | 68.00 | 277.75 | 345.75 | NOTE | |
| r-devel-linux-x86_64-fedora-gcc | 0.3.8 | 30.00 | 301.66 | 331.66 | NOTE | |
| r-devel-windows-x86_64 | 0.3.8 | 15.00 | 179.00 | 194.00 | NOTE | |
| r-patched-linux-x86_64 | 0.3.8 | 12.31 | 187.32 | 199.63 | NOTE | |
| r-release-linux-x86_64 | 0.3.8 | 11.84 | 187.33 | 199.17 | NOTE | |
| r-release-macos-arm64 | 0.3.8 | 5.00 | 71.00 | 76.00 | NOTE | |
| r-release-macos-x86_64 | 0.3.8 | 11.00 | 162.00 | 173.00 | NOTE | |
| r-release-windows-x86_64 | 0.3.8 | 14.00 | 185.00 | 199.00 | NOTE | |
| r-oldrel-macos-arm64 | 0.3.8 | 5.00 | 67.00 | 72.00 | NOTE | |
| r-oldrel-macos-x86_64 | 0.3.8 | 8.00 | 116.00 | 124.00 | NOTE | |
| r-oldrel-windows-x86_64 | 0.3.8 | 19.00 | 244.00 | 263.00 | NOTE |
Version: 0.3.8
Check: Rd files
Result: NOTE
checkRd: (-1) est_g_exp.Rd:55: Lost braces; missing escapes or markup?
55 | {A - delta}, {A + delta}, and {A + 2 * delta}).
| ^
checkRd: (-1) est_g_exp.Rd:55: Lost braces; missing escapes or markup?
55 | {A - delta}, {A + delta}, and {A + 2 * delta}).
| ^
checkRd: (-1) est_g_exp.Rd:55: Lost braces; missing escapes or markup?
55 | {A - delta}, {A + delta}, and {A + 2 * delta}).
| ^
Flavors: r-devel-linux-x86_64-debian-clang, r-devel-linux-x86_64-debian-gcc, r-devel-linux-x86_64-fedora-clang, r-devel-linux-x86_64-fedora-gcc, r-devel-windows-x86_64, r-patched-linux-x86_64, r-release-linux-x86_64, r-release-macos-arm64, r-release-macos-x86_64, r-release-windows-x86_64, r-oldrel-macos-arm64, r-oldrel-macos-x86_64, r-oldrel-windows-x86_64
Version: 0.3.8
Check: package dependencies
Result: NOTE
Package which this enhances but not available for checking: ‘sl3’
Flavors: r-oldrel-macos-arm64, r-oldrel-macos-x86_64, r-oldrel-windows-x86_64