Last updated on 2025-10-22 09:50:57 CEST.
Flavor | Version | Tinstall | Tcheck | Ttotal | Status | Flags |
---|---|---|---|---|---|---|
r-devel-linux-x86_64-debian-clang | 0.7 | 13.28 | 111.76 | 125.04 | NOTE | |
r-devel-linux-x86_64-debian-gcc | 0.7 | 8.56 | 75.09 | 83.65 | NOTE | |
r-devel-linux-x86_64-fedora-clang | 0.7 | 72.00 | 131.84 | 203.84 | OK | |
r-devel-linux-x86_64-fedora-gcc | 0.7 | 32.00 | 171.03 | 203.03 | OK | |
r-devel-windows-x86_64 | 0.7 | 15.00 | 107.00 | 122.00 | OK | |
r-patched-linux-x86_64 | 0.7 | 12.34 | 100.51 | 112.85 | OK | |
r-release-linux-x86_64 | 0.7 | 11.85 | 99.46 | 111.31 | OK | |
r-release-macos-arm64 | 0.7 | 6.00 | 49.00 | 55.00 | OK | |
r-release-macos-x86_64 | 0.7 | 12.00 | 117.00 | 129.00 | OK | |
r-release-windows-x86_64 | 0.7 | 19.00 | 109.00 | 128.00 | OK | |
r-oldrel-macos-arm64 | 0.7 | 6.00 | 52.00 | 58.00 | OK | |
r-oldrel-macos-x86_64 | 0.7 | 17.00 | 147.00 | 164.00 | OK | |
r-oldrel-windows-x86_64 | 0.7 | 22.00 | 139.00 | 161.00 | OK |
Version: 0.7
Check: HTML version of manual
Result: NOTE
Found the following HTML validation problems:
copyDir.html:54:1 (copyDir.Rd:14): Warning: missing </ul> before </div>
initProj.html:55:1 (initProj.Rd:15): Warning: missing </ul> before </div>
Flavors: r-devel-linux-x86_64-debian-clang, r-devel-linux-x86_64-debian-gcc