Last updated on 2024-09-08 09:48:34 CEST.
Flavor | Version | Tinstall | Tcheck | Ttotal | Status | Flags |
---|---|---|---|---|---|---|
r-devel-linux-x86_64-debian-clang | 0.5.12 | 13.92 | 104.41 | 118.33 | NOTE | |
r-devel-linux-x86_64-debian-gcc | 0.5.12 | 9.03 | 67.47 | 76.50 | NOTE | |
r-devel-linux-x86_64-fedora-clang | 0.5.12 | 198.65 | OK | |||
r-devel-linux-x86_64-fedora-gcc | 0.5.12 | 169.99 | OK | |||
r-devel-windows-x86_64 | 0.5.12 | 16.00 | 138.00 | 154.00 | NOTE | |
r-patched-linux-x86_64 | 0.5.12 | 17.04 | 97.75 | 114.79 | OK | |
r-release-linux-x86_64 | 0.5.12 | 13.23 | 95.02 | 108.25 | OK | |
r-release-macos-arm64 | 0.5.12 | 56.00 | OK | |||
r-release-macos-x86_64 | 0.5.12 | 93.00 | OK | |||
r-release-windows-x86_64 | 0.5.12 | 17.00 | 132.00 | 149.00 | OK | |
r-oldrel-macos-arm64 | 0.5.12 | 60.00 | OK | |||
r-oldrel-macos-x86_64 | 0.5.12 | 123.00 | OK | |||
r-oldrel-windows-x86_64 | 0.5.12 | 22.00 | 167.00 | 189.00 | OK |
Version: 0.5.12
Check: Rd cross-references
Result: NOTE
Found the following Rd file(s) with Rd \link{} targets missing package
anchors:
associationsDiamondPlot.Rd: ggplot
basicDiamondplotFunctions.Rd: geom_polygon, geom_jitter, ggplot
biAxisDiamondPlot.Rd: ggplot
comparisonDiamondPlots.Rd: gtable
diamondPlot.Rd: ggplot
ggBoxplot.Rd: ggplot, geom_boxplot
ggEasyPlots.Rd: ggplot, geom_ridgeline, geom_bar
ggProportionPlot.Rd: linetype, ggplot2
ggqq.Rd: ggplot
knitFig.Rd: ggplot, knit_expand, knit
meanSDtoDiamondPlot.Rd: ggplot
meansDiamondPlot.Rd: ggplot
pwr.omegasq.Rd: pwr.anova.test, pwr
Please provide package anchors for all Rd \link{} targets not in the
package itself and the base packages.
Flavors: r-devel-linux-x86_64-debian-clang, r-devel-linux-x86_64-debian-gcc, r-devel-windows-x86_64