Last updated on 2025-10-21 09:48:52 CEST.
Flavor | Version | Tinstall | Tcheck | Ttotal | Status | Flags |
---|---|---|---|---|---|---|
r-devel-linux-x86_64-debian-clang | 3.2.1 | 9.22 | 169.73 | 178.95 | OK | |
r-devel-linux-x86_64-debian-gcc | 3.2.1 | 5.96 | 115.98 | 121.94 | NOTE | |
r-devel-linux-x86_64-fedora-clang | 3.2.1 | 294.22 | OK | |||
r-devel-linux-x86_64-fedora-gcc | 3.2.1 | 267.07 | OK | |||
r-devel-windows-x86_64 | 3.2.1 | 13.00 | 211.00 | 224.00 | OK | |
r-patched-linux-x86_64 | 3.2.1 | 11.32 | 157.03 | 168.35 | OK | |
r-release-linux-x86_64 | 3.2.1 | 8.44 | 157.78 | 166.22 | OK | |
r-release-macos-arm64 | 3.2.1 | 60.00 | OK | |||
r-release-macos-x86_64 | 3.2.1 | 145.00 | OK | |||
r-release-windows-x86_64 | 3.2.1 | 14.00 | 210.00 | 224.00 | OK | |
r-oldrel-macos-arm64 | 3.2.1 | 68.00 | OK | |||
r-oldrel-macos-x86_64 | 3.2.1 | 152.00 | OK | |||
r-oldrel-windows-x86_64 | 3.2.1 | 21.00 | 232.00 | 253.00 | OK |
Version: 3.2.1
Check: HTML version of manual
Result: NOTE
Found the following HTML validation problems:
rename_files.html:67:1 (rename_files.Rd:10): Warning: missing </ul> before </div>
use_addin.html:54:1 (use_addin.Rd:14): Warning: missing </ul> before </div>
use_blank_slate.html:52:1 (use_blank_slate.Rd:11): Warning: missing </ul> before </div>
use_coverage.html:57:1 (use_coverage.Rd:17): Warning: missing </ul> before </div>
use_cran_comments.html:51:1 (use_cran_comments.Rd:11): Warning: missing </ul> before </div>
use_github_actions_badge.html:48:1 (use_github_actions_badge.Rd:11): Warning: missing </ul> before </div>
use_github_release.html:55:1 (use_github_release.Rd:11): Warning: missing </ul> before </div>
use_latest_dependencies.html:54:1 (use_latest_dependencies.Rd:14): Warning: missing </ul> before </div>
use_rcpp.html:68:1 (use_rcpp.Rd:20): Warning: missing </ul> before </div>
use_roxygen_md.html:50:1 (use_roxygen_md.Rd:11): Warning: missing </ul> before </div>
use_rstudio.html:74:1 (use_rstudio.Rd:19): Warning: missing </ul> before </div>
use_spell_check.html:62:1 (use_spell_check.Rd:18): Warning: missing </ul> before </div>
Flavor: r-devel-linux-x86_64-debian-gcc