Last updated on 2024-08-05 09:48:21 CEST.
Flavor | Version | Tinstall | Tcheck | Ttotal | Status | Flags |
---|---|---|---|---|---|---|
r-devel-linux-x86_64-debian-clang | 0.1.5 | 2.20 | 54.65 | 56.85 | OK | |
r-devel-linux-x86_64-debian-gcc | 0.1.5 | 1.63 | 31.34 | 32.97 | OK | |
r-devel-linux-x86_64-fedora-clang | 0.1.5 | 72.12 | NOTE | |||
r-devel-linux-x86_64-fedora-gcc | 0.1.5 | 85.54 | NOTE | |||
r-devel-windows-x86_64 | 0.1.5 | 4.00 | 62.00 | 66.00 | OK | |
r-patched-linux-x86_64 | 0.1.5 | 2.11 | 42.08 | 44.19 | OK | |
r-release-linux-x86_64 | 0.1.5 | 1.60 | 52.32 | 53.92 | OK | |
r-release-macos-arm64 | 0.1.5 | 39.00 | OK | |||
r-release-macos-x86_64 | 0.1.5 | 52.00 | OK | |||
r-release-windows-x86_64 | 0.1.5 | 4.00 | 62.00 | 66.00 | OK | |
r-oldrel-macos-arm64 | 0.1.5 | 36.00 | OK | |||
r-oldrel-macos-x86_64 | 0.1.5 | 56.00 | OK | |||
r-oldrel-windows-x86_64 | 0.1.5 | 4.00 | 65.00 | 69.00 | OK |
Version: 0.1.5
Check: dependencies in R code
Result: NOTE
Namespace in Imports field not imported from: ‘tidyverse’
All declared Imports should be used.
Flavors: r-devel-linux-x86_64-fedora-clang, r-devel-linux-x86_64-fedora-gcc