Last updated on 2025-10-22 09:50:57 CEST.
Flavor | Version | Tinstall | Tcheck | Ttotal | Status | Flags |
---|---|---|---|---|---|---|
r-devel-linux-x86_64-debian-clang | 1.1.5 | 10.35 | 94.07 | 104.42 | NOTE | |
r-devel-linux-x86_64-debian-gcc | 1.1.5 | 6.34 | 67.91 | 74.25 | NOTE | |
r-devel-linux-x86_64-fedora-clang | 1.1.5 | 38.00 | 126.23 | 164.23 | OK | |
r-devel-linux-x86_64-fedora-gcc | 1.1.5 | 23.00 | 140.63 | 163.63 | OK | |
r-devel-windows-x86_64 | 1.1.5 | 13.00 | 132.00 | 145.00 | OK | |
r-patched-linux-x86_64 | 1.1.5 | 12.64 | 89.50 | 102.14 | OK | |
r-release-linux-x86_64 | 1.1.5 | 9.58 | 89.85 | 99.43 | OK | |
r-release-macos-arm64 | 1.1.5 | 5.00 | 51.00 | 56.00 | OK | |
r-release-macos-x86_64 | 1.1.5 | 12.00 | 95.00 | 107.00 | OK | |
r-release-windows-x86_64 | 1.1.5 | 17.00 | 132.00 | 149.00 | OK | |
r-oldrel-macos-arm64 | 1.1.5 | 5.00 | 43.00 | 48.00 | OK | |
r-oldrel-macos-x86_64 | 1.1.5 | 7.00 | 73.00 | 80.00 | OK | |
r-oldrel-windows-x86_64 | 1.1.5 | 20.00 | 157.00 | 177.00 | OK |
Version: 1.1.5
Check: HTML version of manual
Result: NOTE
Found the following HTML validation problems:
expr.html:53:1 (expr.Rd:15): Warning: missing </ul> before </div>
rx.html:50:1 (rx.Rd:14): Warning: missing </ul> before </div>
sub-subset-expressionset-method.html:55:1 (sub-subset-expressionset-method.Rd:14): Warning: missing </ul> before </div>
subset-expressionset-method.html:55:1 (subset-expressionset-method.Rd:14): Warning: missing </ul> before </div>
Flavors: r-devel-linux-x86_64-debian-clang, r-devel-linux-x86_64-debian-gcc