Last updated on 2024-08-05 09:48:21 CEST.
Flavor | Version | Tinstall | Tcheck | Ttotal | Status | Flags |
---|---|---|---|---|---|---|
r-devel-linux-x86_64-debian-clang | 1.1.0 | 17.10 | 362.53 | 379.63 | OK | |
r-devel-linux-x86_64-debian-gcc | 1.1.0 | 10.67 | 170.33 | 181.00 | OK | |
r-devel-linux-x86_64-fedora-clang | 1.1.0 | 448.76 | NOTE | |||
r-devel-linux-x86_64-fedora-gcc | 1.1.0 | 464.79 | OK | |||
r-devel-windows-x86_64 | 1.1.0 | 18.00 | 251.00 | 269.00 | NOTE | |
r-patched-linux-x86_64 | 1.1.0 | 15.25 | 257.03 | 272.28 | OK | |
r-release-linux-x86_64 | 1.1.0 | 12.78 | 340.82 | 353.60 | OK | |
r-release-macos-arm64 | 1.1.0 | 128.00 | NOTE | |||
r-release-macos-x86_64 | 1.1.0 | 344.00 | NOTE | |||
r-release-windows-x86_64 | 1.1.0 | 20.00 | 252.00 | 272.00 | NOTE | |
r-oldrel-macos-arm64 | 1.1.0 | 130.00 | NOTE | |||
r-oldrel-macos-x86_64 | 1.1.0 | 257.00 | NOTE | |||
r-oldrel-windows-x86_64 | 1.1.0 | 24.00 | 327.00 | 351.00 | NOTE |
Version: 1.1.0
Check: installed package size
Result: NOTE
installed size is 5.9Mb
sub-directories of 1Mb or more:
data 4.3Mb
help 1.3Mb
Flavors: r-devel-linux-x86_64-fedora-clang, r-devel-windows-x86_64, r-release-macos-arm64, r-release-macos-x86_64, r-release-windows-x86_64, r-oldrel-macos-arm64, r-oldrel-macos-x86_64, r-oldrel-windows-x86_64