Last updated on 2025-05-28 09:53:24 CEST.
Flavor | Version | Tinstall | Tcheck | Ttotal | Status | Flags |
---|---|---|---|---|---|---|
r-devel-linux-x86_64-debian-clang | 0.3.6 | 4.67 | 59.79 | 64.46 | NOTE | |
r-devel-linux-x86_64-debian-gcc | 0.3.6 | 4.05 | 43.39 | 47.44 | NOTE | |
r-devel-linux-x86_64-fedora-clang | 0.3.6 | 99.25 | OK | |||
r-devel-linux-x86_64-fedora-gcc | 0.3.6 | 95.24 | OK | |||
r-devel-windows-x86_64 | 0.3.6 | 9.00 | 97.00 | 106.00 | OK | |
r-patched-linux-x86_64 | 0.3.6 | 9.54 | 55.87 | 65.41 | OK | |
r-release-linux-x86_64 | 0.3.6 | 4.57 | 56.47 | 61.04 | OK | |
r-release-macos-arm64 | 0.3.6 | 30.00 | OK | |||
r-release-macos-x86_64 | 0.3.6 | 54.00 | OK | |||
r-release-windows-x86_64 | 0.3.6 | 9.00 | 98.00 | 107.00 | OK | |
r-oldrel-macos-arm64 | 0.3.6 | 28.00 | OK | |||
r-oldrel-macos-x86_64 | 0.3.6 | 44.00 | OK | |||
r-oldrel-windows-x86_64 | 0.3.6 | 10.00 | 113.00 | 123.00 | OK |
Version: 0.3.6
Check: CRAN incoming feasibility
Result: NOTE
Maintainer: ‘Tyler Rinker <tyler.rinker@gmail.com>’
Package CITATION file contains call(s) to old-style citEntry(). Please
use bibentry() instead.
Flavors: r-devel-linux-x86_64-debian-clang, r-devel-linux-x86_64-debian-gcc