Last updated on 2024-08-05 09:48:22 CEST.
Flavor | Version | Tinstall | Tcheck | Ttotal | Status | Flags |
---|---|---|---|---|---|---|
r-devel-linux-x86_64-debian-clang | 0.2.0 | 5.92 | 57.86 | 63.78 | OK | |
r-devel-linux-x86_64-debian-gcc | 0.2.0 | 3.61 | 32.53 | 36.14 | OK | |
r-devel-linux-x86_64-fedora-clang | 0.2.0 | 79.72 | NOTE | |||
r-devel-linux-x86_64-fedora-gcc | 0.2.0 | 78.99 | OK | |||
r-devel-windows-x86_64 | 0.2.0 | 7.00 | 65.00 | 72.00 | OK | |
r-patched-linux-x86_64 | 0.2.0 | 4.96 | 42.71 | 47.67 | OK | |
r-release-linux-x86_64 | 0.2.0 | 3.74 | 54.08 | 57.82 | OK | |
r-release-macos-arm64 | 0.2.0 | 24.00 | OK | |||
r-release-macos-x86_64 | 0.2.0 | 39.00 | OK | |||
r-release-windows-x86_64 | 0.2.0 | 10.00 | 64.00 | 74.00 | OK | |
r-oldrel-macos-arm64 | 0.2.0 | 36.00 | OK | |||
r-oldrel-macos-x86_64 | 0.2.0 | 52.00 | OK | |||
r-oldrel-windows-x86_64 | 0.2.0 | 9.00 | 70.00 | 79.00 | OK |
Version: 0.2.0
Check: installed package size
Result: NOTE
installed size is 5.0Mb
sub-directories of 1Mb or more:
help 3.9Mb
Flavor: r-devel-linux-x86_64-fedora-clang