Last updated on 2025-10-31 08:50:32 CET.
| Flavor | Version | Tinstall | Tcheck | Ttotal | Status | Flags | 
|---|---|---|---|---|---|---|
| r-devel-linux-x86_64-debian-clang | 1.0.6 | 5.15 | 31.25 | 36.40 | NOTE | |
| r-devel-linux-x86_64-debian-gcc | 1.0.6 | 3.67 | 24.73 | 28.40 | NOTE | |
| r-devel-linux-x86_64-fedora-clang | 1.0.6 | 10.00 | 42.39 | 52.39 | NOTE | |
| r-devel-linux-x86_64-fedora-gcc | 1.0.6 | 13.00 | 37.00 | 50.00 | NOTE | |
| r-devel-windows-x86_64 | 1.0.6 | 6.00 | 48.00 | 54.00 | NOTE | |
| r-patched-linux-x86_64 | 1.0.6 | 5.66 | 28.82 | 34.48 | NOTE | |
| r-release-linux-x86_64 | 1.0.6 | 4.14 | 28.47 | 32.61 | NOTE | |
| r-release-macos-arm64 | 1.0.6 | 3.00 | 24.00 | 27.00 | NOTE | |
| r-release-macos-x86_64 | 1.0.6 | 7.00 | 35.00 | 42.00 | NOTE | |
| r-release-windows-x86_64 | 1.0.6 | 7.00 | 51.00 | 58.00 | NOTE | |
| r-oldrel-macos-arm64 | 1.0.6 | 2.00 | 18.00 | 20.00 | NOTE | |
| r-oldrel-macos-x86_64 | 1.0.6 | 4.00 | 25.00 | 29.00 | NOTE | |
| r-oldrel-windows-x86_64 | 1.0.6 | 8.00 | 56.00 | 64.00 | NOTE | 
Version: 1.0.6
Check: CRAN incoming feasibility
Result: NOTE
  Maintainer: ‘Gábor Csárdi <csardi.gabor@gmail.com>’
  
  No Authors@R field in DESCRIPTION.
  Please add one, modifying
    Authors@R: c(person(given = "Ariya",
                        family = "Hidayat",
                        role = "aut"),
                 person(given = "Gábor",
                        family = "Csárdi",
                        role = c("aut", "cre"),
                        email = "csardi.gabor@gmail.com"),
                 person(given = "Gabor",
                        family = "Torok",
                        role = "aut"),
                 person(given = "Ivan",
                        family = "De Marino",
                        role = "aut"),
                 person(given = "Robert",
                        family = "Gieseke",
                        role = "aut"),
                 person(given = "Steven",
                        family = "Masala",
                        role = "aut"),
                 person(given = "Winston",
                        family = "Chang",
                        role = "aut"),
                 person(given = "Zack",
                        family = "Weinberg",
                        role = "aut"))
  as necessary.
Flavors: r-devel-linux-x86_64-debian-clang, r-devel-linux-x86_64-debian-gcc
Version: 1.0.6
Check: Rd files
Result: NOTE
  checkRd: (-1) Session.Rd:146: Lost braces
     146 | sQuote{page load} timeout specifies a time to wait for the page loading
         |       ^
Flavors: r-devel-linux-x86_64-debian-clang, r-devel-linux-x86_64-debian-gcc, r-devel-linux-x86_64-fedora-clang, r-devel-linux-x86_64-fedora-gcc, r-devel-windows-x86_64, r-patched-linux-x86_64, r-release-linux-x86_64, r-release-macos-arm64, r-release-macos-x86_64, r-release-windows-x86_64, r-oldrel-macos-arm64, r-oldrel-macos-x86_64, r-oldrel-windows-x86_64
Version: 1.0.6
Check: LazyData
Result: NOTE
    'LazyData' is specified without a 'data' directory
Flavors: r-oldrel-macos-arm64, r-oldrel-macos-x86_64, r-oldrel-windows-x86_64