CRAN Package Check Results for Package webuse

Last updated on 2025-11-14 09:50:19 CET.

Flavor Version Tinstall Tcheck Ttotal Status Flags
r-devel-linux-x86_64-debian-clang 0.1.3 3.44 33.91 37.35 NOTE
r-devel-linux-x86_64-debian-gcc 0.1.3 1.85 25.99 27.84 NOTE
r-devel-linux-x86_64-fedora-clang 0.1.3 54.10 OK
r-devel-linux-x86_64-fedora-gcc 0.1.3 50.61 OK
r-devel-windows-x86_64 0.1.3 5.00 49.00 54.00 OK
r-patched-linux-x86_64 0.1.3 2.60 30.75 33.35 OK
r-release-linux-x86_64 0.1.3 3.17 30.89 34.06 OK
r-release-macos-arm64 0.1.3 2.00 25.00 27.00 OK
r-release-macos-x86_64 0.1.3 4.00 38.00 42.00 OK
r-release-windows-x86_64 0.1.3 4.00 48.00 52.00 OK
r-oldrel-macos-arm64 0.1.3 2.00 27.00 29.00 OK
r-oldrel-macos-x86_64 0.1.3 2.00 34.00 36.00 OK
r-oldrel-windows-x86_64 0.1.3 6.00 56.00 62.00 OK

Check Details

Version: 0.1.3
Check: CRAN incoming feasibility
Result: NOTE Maintainer: ‘Jodi Beggs <jodi@alum.mit.edu>’ Package CITATION file contains call(s) to old-style personList() or as.personList(). Please use c() on person objects instead. Package CITATION file contains call(s) to old-style citEntry(). Please use bibentry() instead. Flavors: r-devel-linux-x86_64-debian-clang, r-devel-linux-x86_64-debian-gcc