Last updated on 2024-08-05 09:48:22 CEST.
Flavor | Version | Tinstall | Tcheck | Ttotal | Status | Flags |
---|---|---|---|---|---|---|
r-devel-linux-x86_64-debian-clang | 0.6.2 | 22.35 | 108.99 | 131.34 | OK | |
r-devel-linux-x86_64-debian-gcc | 0.6.2 | 9.75 | 57.37 | 67.12 | OK | |
r-devel-linux-x86_64-fedora-clang | 0.6.2 | 157.47 | NOTE | |||
r-devel-linux-x86_64-fedora-gcc | 0.6.2 | 152.00 | OK | |||
r-devel-windows-x86_64 | 0.6.2 | 19.00 | 159.00 | 178.00 | OK | |
r-patched-linux-x86_64 | 0.6.2 | 13.59 | 77.05 | 90.64 | OK | |
r-release-linux-x86_64 | 0.6.2 | 10.95 | 102.28 | 113.23 | OK | |
r-release-macos-arm64 | 0.6.2 | 99.00 | OK | |||
r-release-macos-x86_64 | 0.6.2 | 123.00 | OK | |||
r-release-windows-x86_64 | 0.6.2 | 18.00 | 156.00 | 174.00 | OK | |
r-oldrel-macos-arm64 | 0.6.2 | 96.00 | OK | |||
r-oldrel-macos-x86_64 | 0.6.2 | 120.00 | OK | |||
r-oldrel-windows-x86_64 | 0.6.2 | 20.00 | 172.00 | 192.00 | OK |
Version: 0.6.2
Check: package dependencies
Result: NOTE
Imports includes 23 non-default packages.
Importing from so many packages makes the package vulnerable to any of
them becoming unavailable. Move as many as possible to Suggests and
use conditionally.
Flavor: r-devel-linux-x86_64-fedora-clang