Last updated on 2024-09-06 09:49:35 CEST.
Flavor | Version | Tinstall | Tcheck | Ttotal | Status | Flags |
---|---|---|---|---|---|---|
r-devel-linux-x86_64-debian-clang | 0.4.0 | 7.44 | 66.17 | 73.61 | OK | |
r-devel-linux-x86_64-debian-gcc | 0.4.0 | 6.12 | 48.91 | 55.03 | OK | |
r-devel-linux-x86_64-fedora-clang | 0.4.0 | 123.05 | OK | |||
r-devel-linux-x86_64-fedora-gcc | 0.4.0 | 113.65 | OK | |||
r-devel-windows-x86_64 | 0.4.0 | 11.00 | 83.00 | 94.00 | OK | |
r-patched-linux-x86_64 | 0.4.0 | 8.88 | 62.94 | 71.82 | OK | |
r-release-linux-x86_64 | 0.4.0 | 7.85 | 63.62 | 71.47 | OK | |
r-release-macos-arm64 | 0.4.0 | 40.00 | OK | |||
r-release-macos-x86_64 | 0.4.0 | 52.00 | OK | |||
r-release-windows-x86_64 | 0.4.0 | 10.00 | 80.00 | 90.00 | OK | |
r-oldrel-macos-arm64 | 0.4.0 | 39.00 | OK | |||
r-oldrel-macos-x86_64 | 0.4.0 | 62.00 | NOTE | |||
r-oldrel-windows-x86_64 | 0.4.0 | 14.00 | 94.00 | 108.00 | OK |
Version: 0.4.0
Check: package dependencies
Result: NOTE
Package suggested but not available for checking: ‘nlmixr2’
Flavor: r-oldrel-macos-x86_64