Last updated on 2024-08-05 09:48:22 CEST.
Flavor | Version | Tinstall | Tcheck | Ttotal | Status | Flags |
---|---|---|---|---|---|---|
r-devel-linux-x86_64-debian-clang | 0.10 | 18.69 | 113.23 | 131.92 | OK | |
r-devel-linux-x86_64-debian-gcc | 0.10 | 9.44 | 61.58 | 71.02 | NOTE | |
r-devel-linux-x86_64-fedora-clang | 0.10 | 165.60 | OK | |||
r-devel-linux-x86_64-fedora-gcc | 0.10 | 177.50 | OK | |||
r-devel-windows-x86_64 | 0.10 | 17.00 | 108.00 | 125.00 | NOTE | |
r-patched-linux-x86_64 | 0.10 | 19.09 | 83.48 | 102.57 | OK | |
r-release-linux-x86_64 | 0.10 | 12.03 | 104.03 | 116.06 | OK | |
r-release-macos-arm64 | 0.10 | 52.00 | OK | |||
r-release-macos-x86_64 | 0.10 | 137.00 | OK | |||
r-release-windows-x86_64 | 0.10 | 19.00 | 109.00 | 128.00 | OK | |
r-oldrel-macos-arm64 | 0.10 | 57.00 | OK | |||
r-oldrel-macos-x86_64 | 0.10 | 126.00 | OK | |||
r-oldrel-windows-x86_64 | 0.10 | 20.00 | 125.00 | 145.00 | OK |
Version: 0.10
Check: Rd cross-references
Result: NOTE
Found the following Rd file(s) with Rd \link{} targets missing package
anchors:
ZenodoManager.Rd: R6Class
ZenodoRecord.Rd: R6Class, DCEntry
ZenodoRequest.Rd: R6Class
zen4RLogger.Rd: R6Class
Please provide package anchors for all Rd \link{} targets not in the
package itself and the base packages.
Flavors: r-devel-linux-x86_64-debian-gcc, r-devel-windows-x86_64