Last updated on 2025-10-31 08:50:13 CET.
| Flavor | Version | Tinstall | Tcheck | Ttotal | Status | Flags | 
|---|---|---|---|---|---|---|
| r-devel-linux-x86_64-debian-clang | 1.5.2 | 659.29 | 121.35 | 780.64 | OK | |
| r-devel-linux-x86_64-debian-gcc | 1.5.2 | 475.96 | 138.17 | 614.13 | OK | |
| r-devel-linux-x86_64-fedora-clang | 1.5.2 | 514.00 | 740.71 | 1254.71 | OK | |
| r-devel-linux-x86_64-fedora-gcc | 1.5.2 | 3060.00 | -1594.95 | 1465.05 | OK | |
| r-devel-windows-x86_64 | 1.5.2 | 417.00 | 230.00 | 647.00 | OK | |
| r-patched-linux-x86_64 | 1.5.2 | 667.68 | 189.33 | 857.01 | OK | |
| r-release-linux-x86_64 | 1.5.2 | 676.76 | 190.26 | 867.02 | OK | |
| r-release-macos-arm64 | 1.5.2 | 170.00 | 32.00 | 202.00 | OK | |
| r-release-macos-x86_64 | 1.5.2 | 203.00 | 75.00 | 278.00 | OK | |
| r-release-windows-x86_64 | 1.5.2 | 610.00 | 210.00 | 820.00 | OK | |
| r-oldrel-macos-arm64 | 1.5.2 | 169.00 | 39.00 | 208.00 | NOTE | |
| r-oldrel-macos-x86_64 | 1.5.2 | 220.00 | 100.00 | 320.00 | NOTE | |
| r-oldrel-windows-x86_64 | 1.5.2 | 418.00 | 261.00 | 679.00 | OK | 
Version: 1.5.2
Check: installed package size
Result: NOTE
    installed size is 83.7Mb
    sub-directories of 1Mb or more:
      libs  83.1Mb
Flavors: r-oldrel-macos-arm64, r-oldrel-macos-x86_64