CRAN Package Check Results for Package MatchLinReg

Last updated on 2025-11-16 09:49:32 CET.

Flavor Version Tinstall Tcheck Ttotal Status Flags
r-devel-linux-x86_64-debian-clang 0.8.1 7.66 68.92 76.58 NOTE
r-devel-linux-x86_64-debian-gcc 0.8.1 5.54 50.83 56.37 NOTE
r-devel-linux-x86_64-fedora-clang 0.8.1 16.00 104.80 120.80 OK
r-devel-linux-x86_64-fedora-gcc 0.8.1 14.00 115.38 129.38 OK
r-devel-windows-x86_64 0.8.1 12.00 81.00 93.00 OK
r-patched-linux-x86_64 0.8.1 6.51 65.73 72.24 OK
r-release-linux-x86_64 0.8.1 7.09 64.77 71.86 OK
r-release-macos-arm64 0.8.1 3.00 34.00 37.00 OK
r-release-macos-x86_64 0.8.1 6.00 57.00 63.00 OK
r-release-windows-x86_64 0.8.1 9.00 80.00 89.00 OK
r-oldrel-macos-arm64 0.8.1 3.00 32.00 35.00 OK
r-oldrel-macos-x86_64 0.8.1 8.00 63.00 71.00 OK
r-oldrel-windows-x86_64 0.8.1 13.00 97.00 110.00 OK

Check Details

Version: 0.8.1
Check: CRAN incoming feasibility
Result: NOTE Maintainer: ‘Alireza S. Mahani <alireza.s.mahani@gmail.com>’ No Authors@R field in DESCRIPTION. Please add one, modifying Authors@R: c(person(given = c("Alireza", "S."), family = "Mahani", role = c("aut", "cre"), email = "alireza.s.mahani@gmail.com"), person(given = c("Mansour", "T.A."), family = "Sharabiani", role = "aut")) as necessary. Flavors: r-devel-linux-x86_64-debian-clang, r-devel-linux-x86_64-debian-gcc