CRAN Package Check Results for Package NetworkChange

Last updated on 2025-11-22 09:50:00 CET.

Flavor Version Tinstall Tcheck Ttotal Status Flags
r-devel-linux-x86_64-debian-clang 0.8 22.15 166.38 188.53 NOTE --no-vignettes
r-devel-linux-x86_64-debian-gcc 0.8 16.89 114.90 131.79 NOTE --no-vignettes
r-devel-linux-x86_64-fedora-clang 0.8 61.00 238.35 299.35 NOTE
r-devel-windows-x86_64 0.8 27.00 149.00 176.00 NOTE
r-patched-linux-x86_64 0.8 20.64 151.83 172.47 NOTE --no-vignettes
r-release-linux-x86_64 0.8 22.09 151.47 173.56 NOTE --no-vignettes
r-release-macos-arm64 0.8 NOTE
r-release-macos-x86_64 0.8 21.00 112.00 133.00 NOTE
r-release-windows-x86_64 0.8 23.00 148.00 171.00 NOTE
r-oldrel-macos-arm64 0.8 NOTE
r-oldrel-macos-x86_64 0.8 14.00 86.00 100.00 NOTE
r-oldrel-windows-x86_64 0.8 33.00 189.00 222.00 NOTE

Check Details

Version: 0.8
Flags: --no-vignettes
Check: CRAN incoming feasibility
Result: NOTE Maintainer: ‘Jong Hee Park <jongheepark@snu.ac.kr>’ No Authors@R field in DESCRIPTION. Please add one, modifying Authors@R: c(person(given = c("Jong", "Hee"), family = "Park", role = c("aut", "cre"), email = "jongheepark@snu.ac.kr"), person(given = "Yunkyu", family = "Sohn", role = "aut")) as necessary. Flavors: r-devel-linux-x86_64-debian-clang, r-devel-linux-x86_64-debian-gcc

Version: 0.8
Flags: --no-vignettes
Check: Rd files
Result: NOTE checkRd: (-1) NetworkChange.Rd:163: Escaped LaTeX specials: \& checkRd: (-1) NetworkChangeRobust.Rd:144: Escaped LaTeX specials: \& checkRd: (-1) NetworkStatic.Rd:142: Escaped LaTeX specials: \& Flavors: r-devel-linux-x86_64-debian-clang, r-devel-linux-x86_64-debian-gcc, r-patched-linux-x86_64, r-release-linux-x86_64

Version: 0.8
Check: Rd files
Result: NOTE checkRd: (-1) NetworkChange.Rd:163: Escaped LaTeX specials: \& checkRd: (-1) NetworkChangeRobust.Rd:144: Escaped LaTeX specials: \& checkRd: (-1) NetworkStatic.Rd:142: Escaped LaTeX specials: \& Flavors: r-devel-linux-x86_64-fedora-clang, r-devel-windows-x86_64, r-release-macos-arm64, r-release-macos-x86_64, r-release-windows-x86_64, r-oldrel-macos-arm64, r-oldrel-macos-x86_64, r-oldrel-windows-x86_64