Last updated on 2024-05-01 08:55:20 CEST.
Flavor | Version | Tinstall | Tcheck | Ttotal | Status | Flags |
---|---|---|---|---|---|---|
r-devel-linux-x86_64-debian-clang | 0.2.0 | 6.46 | 144.00 | 150.46 | NOTE | |
r-devel-linux-x86_64-debian-gcc | 0.2.0 | 5.12 | 101.13 | 106.25 | NOTE | |
r-devel-linux-x86_64-fedora-clang | 0.2.0 | 188.89 | NOTE | |||
r-devel-linux-x86_64-fedora-gcc | 0.2.0 | 186.61 | NOTE | |||
r-devel-windows-x86_64 | 0.2.0 | 7.00 | 111.00 | 118.00 | NOTE | |
r-patched-linux-x86_64 | 0.2.0 | 5.78 | 136.64 | 142.42 | NOTE | |
r-release-linux-x86_64 | 0.2.0 | 5.71 | 140.19 | 145.90 | NOTE | |
r-release-macos-arm64 | 0.2.0 | 55.00 | NOTE | |||
r-release-windows-x86_64 | 0.2.0 | 7.00 | 113.00 | 120.00 | NOTE | |
r-oldrel-macos-arm64 | 0.2.0 | 61.00 | OK | |||
r-oldrel-macos-x86_64 | 0.2.0 | 81.00 | OK | |||
r-oldrel-windows-x86_64 | 0.2.0 | 9.00 | 133.00 | 142.00 | OK |
Version: 0.2.0
Check: Rd files
Result: NOTE
checkRd: (-1) estimate.functional.Rd:34: Lost braces; missing escapes or markup?
34 | \item{bw}{function describing bandwidth selection (see ?gmm for alternatives). Standard is that the bandwidth depends on the sample length $T$ by $m(T)=T^{1/5}$.}
| ^
Flavors: r-devel-linux-x86_64-debian-clang, r-devel-linux-x86_64-debian-gcc, r-devel-linux-x86_64-fedora-clang, r-devel-linux-x86_64-fedora-gcc, r-devel-windows-x86_64, r-patched-linux-x86_64, r-release-linux-x86_64, r-release-macos-arm64, r-release-windows-x86_64
Version: 0.2.0
Check: dependencies in R code
Result: NOTE
Namespaces in Imports field not imported from:
‘car’ ‘lubridate’
All declared Imports should be used.
Flavors: r-devel-linux-x86_64-fedora-clang, r-devel-linux-x86_64-fedora-gcc