Last updated on 2025-11-23 09:51:01 CET.
| Flavor | Version | Tinstall | Tcheck | Ttotal | Status | Flags |
|---|---|---|---|---|---|---|
| r-devel-linux-x86_64-debian-clang | 1.0-11 | 4.48 | 130.71 | 135.19 | NOTE | |
| r-devel-linux-x86_64-debian-gcc | 1.0-11 | 3.02 | 84.95 | 87.97 | NOTE | |
| r-devel-linux-x86_64-fedora-clang | 1.0-11 | 10.00 | 188.59 | 198.59 | NOTE | |
| r-devel-windows-x86_64 | 1.0-11 | 7.00 | 120.00 | 127.00 | NOTE | |
| r-patched-linux-x86_64 | 1.0-11 | 3.99 | 131.46 | 135.45 | NOTE | |
| r-release-linux-x86_64 | 1.0-11 | 3.89 | 125.62 | 129.51 | NOTE | |
| r-release-macos-arm64 | 1.0-11 | NOTE | ||||
| r-release-macos-x86_64 | 1.0-11 | 5.00 | 141.00 | 146.00 | NOTE | |
| r-release-windows-x86_64 | 1.0-11 | 7.00 | 124.00 | 131.00 | NOTE | |
| r-oldrel-macos-arm64 | 1.0-11 | NOTE | ||||
| r-oldrel-macos-x86_64 | 1.0-11 | 3.00 | 93.00 | 96.00 | NOTE | |
| r-oldrel-windows-x86_64 | 1.0-11 | 9.00 | 179.00 | 188.00 | NOTE |
Version: 1.0-11
Check: CRAN incoming feasibility
Result: NOTE
Maintainer: ‘Felix G.M. Ernst <felix.gm.ernst@outlook.com>’
Package CITATION file contains call(s) to old-style personList() or
as.personList(). Please use c() on person objects instead.
Flavors: r-devel-linux-x86_64-debian-clang, r-devel-linux-x86_64-debian-gcc
Version: 1.0-11
Check: Rd files
Result: NOTE
checkRd: (-1) performance.Rd:35: Escaped LaTeX specials: \#
checkRd: (-1) performance.Rd:36: Escaped LaTeX specials: \# \# \#
checkRd: (-1) performance.Rd:37: Escaped LaTeX specials: \# \#
Flavors: r-devel-linux-x86_64-debian-clang, r-devel-linux-x86_64-debian-gcc, r-devel-linux-x86_64-fedora-clang, r-devel-windows-x86_64, r-patched-linux-x86_64, r-release-linux-x86_64, r-release-macos-arm64, r-release-macos-x86_64, r-release-windows-x86_64, r-oldrel-macos-arm64, r-oldrel-macos-x86_64, r-oldrel-windows-x86_64