Last updated on 2025-11-01 08:49:52 CET.
| Flavor | Version | Tinstall | Tcheck | Ttotal | Status | Flags |
|---|---|---|---|---|---|---|
| r-devel-linux-x86_64-debian-clang | 0.1.10 | 62.50 | 402.54 | 465.04 | OK | |
| r-devel-linux-x86_64-debian-gcc | 0.1.10 | 38.53 | 343.83 | 382.36 | OK | |
| r-devel-linux-x86_64-fedora-clang | 0.1.10 | 600.00 | 163.89 | 763.89 | OK | |
| r-devel-linux-x86_64-fedora-gcc | 0.1.10 | 197.00 | 559.93 | 756.93 | OK | |
| r-devel-windows-x86_64 | 0.1.10 | 78.00 | 494.00 | 572.00 | OK | |
| r-patched-linux-x86_64 | 0.1.10 | 61.33 | 424.55 | 485.88 | OK | |
| r-release-linux-x86_64 | 0.1.10 | 59.66 | 427.00 | 486.66 | OK | |
| r-release-macos-arm64 | 0.1.10 | 26.00 | 451.00 | 477.00 | OK | |
| r-release-macos-x86_64 | 0.1.10 | 39.00 | 724.00 | 763.00 | OK | |
| r-release-windows-x86_64 | 0.1.10 | 79.00 | 495.00 | 574.00 | OK | |
| r-oldrel-macos-arm64 | 0.1.10 | 22.00 | 395.00 | 417.00 | NOTE | |
| r-oldrel-macos-x86_64 | 0.1.10 | 33.00 | 564.00 | 597.00 | NOTE | |
| r-oldrel-windows-x86_64 | 0.1.10 | 93.00 | 617.00 | 710.00 | OK |
Version: 0.1.10
Check: installed package size
Result: NOTE
installed size is 7.7Mb
sub-directories of 1Mb or more:
extdata 2.6Mb
libs 5.0Mb
Flavors: r-oldrel-macos-arm64, r-oldrel-macos-x86_64