Last updated on 2025-10-31 08:50:28 CET.
| Flavor | Version | Tinstall | Tcheck | Ttotal | Status | Flags | 
|---|---|---|---|---|---|---|
| r-devel-linux-x86_64-debian-clang | 0.4.1 | 28.01 | 34.85 | 62.86 | NOTE | |
| r-devel-linux-x86_64-debian-gcc | 0.4.1 | 24.13 | 29.23 | 53.36 | NOTE | |
| r-devel-linux-x86_64-fedora-clang | 0.4.1 | 46.00 | 48.11 | 94.11 | NOTE | |
| r-devel-linux-x86_64-fedora-gcc | 0.4.1 | 153.00 | -35.64 | 117.36 | NOTE | |
| r-devel-windows-x86_64 | 0.4.1 | 30.00 | 77.00 | 107.00 | WARN | |
| r-patched-linux-x86_64 | 0.4.1 | 32.58 | 33.08 | 65.66 | NOTE | |
| r-release-linux-x86_64 | 0.4.1 | 31.20 | 33.18 | 64.38 | NOTE | |
| r-release-macos-arm64 | 0.4.1 | 12.00 | 20.00 | 32.00 | NOTE | |
| r-release-macos-x86_64 | 0.4.1 | 36.00 | 33.00 | 69.00 | NOTE | |
| r-release-windows-x86_64 | 0.4.1 | 32.00 | 77.00 | 109.00 | NOTE | |
| r-oldrel-macos-arm64 | 0.4.1 | 12.00 | 20.00 | 32.00 | NOTE | |
| r-oldrel-macos-x86_64 | 0.4.1 | 19.00 | 30.00 | 49.00 | NOTE | |
| r-oldrel-windows-x86_64 | 0.4.1 | 33.00 | 93.00 | 126.00 | NOTE | 
Version: 0.4.1
Check: C++ specification
Result: NOTE
    Specified C++11: please drop specification unless essential
Flavors: r-devel-linux-x86_64-debian-clang, r-devel-linux-x86_64-debian-gcc, r-devel-linux-x86_64-fedora-clang, r-devel-linux-x86_64-fedora-gcc, r-devel-windows-x86_64, r-patched-linux-x86_64, r-release-linux-x86_64, r-release-macos-arm64, r-release-macos-x86_64, r-release-windows-x86_64, r-oldrel-macos-arm64, r-oldrel-macos-x86_64, r-oldrel-windows-x86_64
Version: 0.4.1
Check: Rd files
Result: NOTE
  checkRd: (-1) CompareAll-function.rd:27: Lost braces in \itemize; meant \describe ?
  checkRd: (-1) CompareAll-function.rd:28: Lost braces in \itemize; meant \describe ?
  checkRd: (-1) CompareAll-function.rd:69: Lost braces in \itemize; \value handles \item{}{} directly
  checkRd: (-1) CompareAll-function.rd:70: Lost braces in \itemize; \value handles \item{}{} directly
  checkRd: (-1) CompareAll-function.rd:71: Lost braces in \itemize; \value handles \item{}{} directly
  checkRd: (-1) CompareAll-function.rd:72: Lost braces in \itemize; \value handles \item{}{} directly
  checkRd: (-1) CompareAll-function.rd:73: Lost braces in \itemize; \value handles \item{}{} directly
  checkRd: (-1) CompareAll-function.rd:74: Lost braces in \itemize; \value handles \item{}{} directly
  checkRd: (-1) CompareOneToMany-function.rd:27: Lost braces in \itemize; meant \describe ?
  checkRd: (-1) CompareOneToMany-function.rd:28: Lost braces in \itemize; meant \describe ?
  checkRd: (-1) CompareOneToMany-function.rd:34: Lost braces in \itemize; meant \describe ?
  checkRd: (-1) CompareOneToMany-function.rd:35: Lost braces in \itemize; meant \describe ?
  checkRd: (-1) CompareOneToMany-function.rd:74: Lost braces in \itemize; \value handles \item{}{} directly
  checkRd: (-1) CompareOneToMany-function.rd:75: Lost braces in \itemize; \value handles \item{}{} directly
  checkRd: (-1) CompareOneToMany-function.rd:76: Lost braces in \itemize; \value handles \item{}{} directly
  checkRd: (-1) CompareOneToMany-function.rd:77: Lost braces in \itemize; \value handles \item{}{} directly
  checkRd: (-1) CompareOneToMany-function.rd:78: Lost braces in \itemize; \value handles \item{}{} directly
  checkRd: (-1) CompareOneToMany-function.rd:79: Lost braces in \itemize; \value handles \item{}{} directly
  checkRd: (-1) CompareOneToOne-function.rd:27: Lost braces in \itemize; meant \describe ?
  checkRd: (-1) CompareOneToOne-function.rd:28: Lost braces in \itemize; meant \describe ?
  checkRd: (-1) CompareOneToOne-function.rd:34: Lost braces in \itemize; meant \describe ?
  checkRd: (-1) CompareOneToOne-function.rd:35: Lost braces in \itemize; meant \describe ?
  checkRd: (-1) CompareOneToOne-function.rd:78: height/width attributes should be in pixels
  checkRd: (-1) CompareOneToOne-function.rd:80: height/width attributes should be in pixels
  checkRd: (-1) CompareOneToOne-function.rd:89: Lost braces in \itemize; \value handles \item{}{} directly
  checkRd: (-1) CompareOneToOne-function.rd:90: Lost braces in \itemize; \value handles \item{}{} directly
  checkRd: (-1) CompareOneToOne-function.rd:91: Lost braces in \itemize; \value handles \item{}{} directly
  checkRd: (-1) CompareOneToOne-function.rd:92: Lost braces in \itemize; \value handles \item{}{} directly
  checkRd: (-1) CompareOneToOne-function.rd:93: Lost braces in \itemize; \value handles \item{}{} directly
  checkRd: (-1) CompareOneToOne-function.rd:94: Lost braces in \itemize; \value handles \item{}{} directly
  checkRd: (-1) FocusArea-function.rd:36: Lost braces in \itemize; meant \describe ?
  checkRd: (-1) FocusArea-function.rd:37: Lost braces in \itemize; meant \describe ?
  checkRd: (-1) FocusArea-function.rd:43: Lost braces in \itemize; meant \describe ?
  checkRd: (-1) FocusArea-function.rd:44: Lost braces in \itemize; meant \describe ?
  checkRd: (-1) FocusArea-function.rd:82: Lost braces in \itemize; \value handles \item{}{} directly
  checkRd: (-1) FocusArea-function.rd:83: Lost braces in \itemize; \value handles \item{}{} directly
  checkRd: (-1) FocusArea-function.rd:84: Lost braces in \itemize; \value handles \item{}{} directly
  checkRd: (-1) FocusArea-function.rd:85: Lost braces in \itemize; \value handles \item{}{} directly
  checkRd: (-1) FocusArea-function.rd:86: Lost braces in \itemize; \value handles \item{}{} directly
  checkRd: (-1) FocusArea-function.rd:87: Lost braces in \itemize; \value handles \item{}{} directly
Flavors: r-devel-linux-x86_64-debian-clang, r-devel-linux-x86_64-debian-gcc, r-devel-linux-x86_64-fedora-clang, r-devel-linux-x86_64-fedora-gcc
Version: 0.4.1
Check: whether package can be installed
Result: WARN
  Found the following significant warnings:
    D:/rtools45/x86_64-w64-mingw32.static.posix/lib/gcc/x86_64-w64-mingw32.static.posix/14.2.0/include/c++/bits/stl_algobase.h:452:30: warning: 'void* __builtin_memmove(void*, const void*, long long unsigned int)' forming offset 4 is out of the bounds [0, 4] [-Warray-bounds=]
  See 'd:/Rcompile/CRANpkg/local/4.6/SpatialKWD.Rcheck/00install.out' for details.
  * used C++ compiler: 'g++.exe (GCC) 14.2.0'
Flavor: r-devel-windows-x86_64
Version: 0.4.1
Check: Rd files
Result: NOTE
  checkRd: (-1) CompareAll-function.rd:27: Lost braces in \itemize; meant \describe ?
  checkRd: (-1) CompareAll-function.rd:28: Lost braces in \itemize; meant \describe ?
  checkRd: (-1) CompareAll-function.rd:69: Lost braces in \itemize; \value handles \item{}{} directly
  checkRd: (-1) CompareAll-function.rd:70: Lost braces in \itemize; \value handles \item{}{} directly
  checkRd: (-1) CompareAll-function.rd:71: Lost braces in \itemize; \value handles \item{}{} directly
  checkRd: (-1) CompareAll-function.rd:72: Lost braces in \itemize; \value handles \item{}{} directly
  checkRd: (-1) CompareAll-function.rd:73: Lost braces in \itemize; \value handles \item{}{} directly
  checkRd: (-1) CompareAll-function.rd:74: Lost braces in \itemize; \value handles \item{}{} directly
  checkRd: (-1) CompareOneToMany-function.rd:27: Lost braces in \itemize; meant \describe ?
  checkRd: (-1) CompareOneToMany-function.rd:28: Lost braces in \itemize; meant \describe ?
  checkRd: (-1) CompareOneToMany-function.rd:34: Lost braces in \itemize; meant \describe ?
  checkRd: (-1) CompareOneToMany-function.rd:35: Lost braces in \itemize; meant \describe ?
  checkRd: (-1) CompareOneToMany-function.rd:74: Lost braces in \itemize; \value handles \item{}{} directly
  checkRd: (-1) CompareOneToMany-function.rd:75: Lost braces in \itemize; \value handles \item{}{} directly
  checkRd: (-1) CompareOneToMany-function.rd:76: Lost braces in \itemize; \value handles \item{}{} directly
  checkRd: (-1) CompareOneToMany-function.rd:77: Lost braces in \itemize; \value handles \item{}{} directly
  checkRd: (-1) CompareOneToMany-function.rd:78: Lost braces in \itemize; \value handles \item{}{} directly
  checkRd: (-1) CompareOneToMany-function.rd:79: Lost braces in \itemize; \value handles \item{}{} directly
  checkRd: (-1) CompareOneToOne-function.rd:27: Lost braces in \itemize; meant \describe ?
  checkRd: (-1) CompareOneToOne-function.rd:28: Lost braces in \itemize; meant \describe ?
  checkRd: (-1) CompareOneToOne-function.rd:34: Lost braces in \itemize; meant \describe ?
  checkRd: (-1) CompareOneToOne-function.rd:35: Lost braces in \itemize; meant \describe ?
  checkRd: (-1) CompareOneToOne-function.rd:89: Lost braces in \itemize; \value handles \item{}{} directly
  checkRd: (-1) CompareOneToOne-function.rd:90: Lost braces in \itemize; \value handles \item{}{} directly
  checkRd: (-1) CompareOneToOne-function.rd:91: Lost braces in \itemize; \value handles \item{}{} directly
  checkRd: (-1) CompareOneToOne-function.rd:92: Lost braces in \itemize; \value handles \item{}{} directly
  checkRd: (-1) CompareOneToOne-function.rd:93: Lost braces in \itemize; \value handles \item{}{} directly
  checkRd: (-1) CompareOneToOne-function.rd:94: Lost braces in \itemize; \value handles \item{}{} directly
  checkRd: (-1) FocusArea-function.rd:36: Lost braces in \itemize; meant \describe ?
  checkRd: (-1) FocusArea-function.rd:37: Lost braces in \itemize; meant \describe ?
  checkRd: (-1) FocusArea-function.rd:43: Lost braces in \itemize; meant \describe ?
  checkRd: (-1) FocusArea-function.rd:44: Lost braces in \itemize; meant \describe ?
  checkRd: (-1) FocusArea-function.rd:82: Lost braces in \itemize; \value handles \item{}{} directly
  checkRd: (-1) FocusArea-function.rd:83: Lost braces in \itemize; \value handles \item{}{} directly
  checkRd: (-1) FocusArea-function.rd:84: Lost braces in \itemize; \value handles \item{}{} directly
  checkRd: (-1) FocusArea-function.rd:85: Lost braces in \itemize; \value handles \item{}{} directly
  checkRd: (-1) FocusArea-function.rd:86: Lost braces in \itemize; \value handles \item{}{} directly
  checkRd: (-1) FocusArea-function.rd:87: Lost braces in \itemize; \value handles \item{}{} directly
Flavors: r-devel-windows-x86_64, r-patched-linux-x86_64, r-release-linux-x86_64, r-release-macos-arm64, r-release-macos-x86_64, r-release-windows-x86_64, r-oldrel-macos-arm64, r-oldrel-macos-x86_64, r-oldrel-windows-x86_64
Version: 0.4.1
Check: installed package size
Result: NOTE
    installed size is  5.9Mb
    sub-directories of 1Mb or more:
      libs   5.5Mb
Flavors: r-oldrel-macos-arm64, r-oldrel-macos-x86_64